{"id":25989,"date":"2025-11-25T20:16:39","date_gmt":"2025-11-25T18:16:39","guid":{"rendered":"https:\/\/superstore.ee\/?post_type=product&#038;p=25989"},"modified":"2026-02-01T13:04:04","modified_gmt":"2026-02-01T11:04:04","slug":"victorias-secret-blue-jasmine-water-lily-cream-body-wash","status":"publish","type":"product","link":"https:\/\/superstore.ee\/index.php\/toode\/victorias-secret-blue-jasmine-water-lily-cream-body-wash\/","title":{"rendered":"Victoria\u2019s Secret Blue Jasmine Water Lily Cream Body Wash"},"content":{"rendered":"","protected":false},"excerpt":{"rendered":"<p>Victoria\u2019s Secret Blue Jasmine Water Lily Cream Body Wash (296 ml)<\/p>\n<p>Sile ja l\u00f5hnav puhtus. See rammus kehakreem-du\u0161igeel sisaldab sheav\u00f5id, mis muudab naha pehmeks ja niisutatuks.<\/p>\n<p>Sinine jasmiin koos akvaatilise vesiroosiga loob v\u00e4rskendava ja elustava aroomi. Koostis on rikastatud aaloega, mis on tuntud oma nahka v\u00e4rskendavate ja toitvate omaduste poolest.<\/p>\n<p><strong>Aroomit\u00fc\u00fcp<\/strong>: V\u00e4rske lilleline<br \/>\n<strong>Noodid<\/strong>: sinine jasmiin, vesiroos<\/p>\n<p>Dermatoloogiliselt heaks kiidetud, vegan, loomkatsete vastu ja v\u00e4rvaineteta.<\/p>\n<details>\n<summary>Details<\/summary>\n<div translate=\"no\">\n<p>Victoria\u2019s Secret Blue Jasmine Water Lily Cream Body WashSmooth, scented cleansing. This rich cream wash features shea butter for skin that feels soft and hydrated.<\/p>\n<p>Dermatologist approved, vegan, against animal testing, and dye-free.<\/p>\n<p>Blue Jasmine Water Lily<\/p>\n<p>Sweet blue jasmine combines with aquatic water lily for a rejuvenating scent. Boosted with aloe, known to help refresh and nourish skin.<\/p>\n<p>Fragrance type: Fresh Floral<br \/>\nNotes: blue jasmine, water lily<br \/>\n296 ml\/10 fl oz.<br \/>\nDomestic<\/p>\n<p>INGREDIENTS:<br \/>\nWater (Aqua, Eau), Sodium Cocoyl Isethionate, Sodium C14-16 Olefin Sulfonate, Butyrospermum Parkii (Shea) Butter, Stearyl Alcohol, Glycerin, Acrylates Copolymer, Fragrance (Parfum), Cocamide MIPA, Glycol Distearate, Cocamidopropyl Betaine, Cocos Nucifera (Coconut) Oil, Coconut Acid, Aloe Barbadensis Leaf Juice, Phenoxyethanol, Aminomethyl Propanol, Potassium Sorbate, Polysorbate 20, Tocopheryl Acetate, Ethylhexylglycerin, Disodium EDTA, Tetramethyl acetyloctahydronaphthalenes, Hexyl Cinnamal, Benzyl Salicylate, Hexamethylindanopyran, Linalool, Linalyl acetate, Acetyl Cedrene, Limonene, Hydroxycitronellal, Dimethyl Phenethyl Acetate, Citronellol, Geranyl acetate<\/p>\n<\/div>\n<p>\u0413\u043b\u0430\u0434\u043a\u043e\u0435 \u0438 \u0430\u0440\u043e\u043c\u0430\u0442\u043d\u043e\u0435 \u043e\u0447\u0438\u0449\u0435\u043d\u0438\u0435. \u042d\u0442\u043e\u0442 \u043d\u0430\u0441\u044b\u0449\u0435\u043d\u043d\u044b\u0439 \u043a\u0440\u0435\u043c \u0434\u043b\u044f \u0434\u0443\u0448\u0430 \u0441\u043e\u0434\u0435\u0440\u0436\u0438\u0442 \u043c\u0430\u0441\u043b\u043e \u0448\u0438, \u0431\u043b\u0430\u0433\u043e\u0434\u0430\u0440\u044f \u043a\u043e\u0442\u043e\u0440\u043e\u043c\u0443 \u043a\u043e\u0436\u0430 \u0441\u0442\u0430\u043d\u043e\u0432\u0438\u0442\u0441\u044f \u043c\u044f\u0433\u043a\u043e\u0439 \u0438 \u0443\u0432\u043b\u0430\u0436\u043d\u0435\u043d\u043d\u043e\u0439.<br \/>\n\u041e\u0434\u043e\u0431\u0440\u0435\u043d\u043e \u0434\u0435\u0440\u043c\u0430\u0442\u043e\u043b\u043e\u0433\u0430\u043c\u0438, \u0432\u0435\u0433\u0430\u043d\u0441\u043a\u0438\u0439 \u043f\u0440\u043e\u0434\u0443\u043a\u0442, \u043d\u0435 \u0442\u0435\u0441\u0442\u0438\u0440\u0443\u0435\u0442\u0441\u044f \u043d\u0430 \u0436\u0438\u0432\u043e\u0442\u043d\u044b\u0445, \u0431\u0435\u0437 \u043a\u0440\u0430\u0441\u0438\u0442\u0435\u043b\u0435\u0439.<\/p>\n<p>Blue Jasmine Water Lily \u0421\u043b\u0430\u0434\u043a\u0438\u0439 \u0441\u0438\u043d\u0438\u0439 \u0436\u0430\u0441\u043c\u0438\u043d \u0432 \u0441\u043e\u0447\u0435\u0442\u0430\u043d\u0438\u0438 \u0441 \u0432\u043e\u0434\u043d\u043e\u0439 \u043b\u0438\u043b\u0438\u0435\u0439 \u0441\u043e\u0437\u0434\u0430\u0435\u0442 \u0432\u043e\u0441\u0441\u0442\u0430\u043d\u0430\u0432\u043b\u0438\u0432\u0430\u044e\u0449\u0438\u0439 \u0430\u0440\u043e\u043c\u0430\u0442. \u0421\u043e\u0441\u0442\u0430\u0432 \u0443\u0441\u0438\u043b\u0435\u043d \u0430\u043b\u043e\u044d, \u043a\u043e\u0442\u043e\u0440\u044b\u0439 \u0438\u0437\u0432\u0435\u0441\u0442\u0435\u043d \u0441\u0432\u043e\u0438\u043c\u0438 \u043e\u0441\u0432\u0435\u0436\u0430\u044e\u0449\u0438\u043c\u0438 \u0438 \u043f\u0438\u0442\u0430\u0442\u0435\u043b\u044c\u043d\u044b\u043c\u0438 \u0441\u0432\u043e\u0439\u0441\u0442\u0432\u0430\u043c\u0438.<\/p>\n<p>\u0422\u0438\u043f \u0430\u0440\u043e\u043c\u0430\u0442\u0430: \u0421\u0432\u0435\u0436\u0438\u0439 \u0446\u0432\u0435\u0442\u043e\u0447\u043d\u044b\u0439<br \/>\n\u041d\u043e\u0442\u044b: \u0441\u0438\u043d\u0438\u0439 \u0436\u0430\u0441\u043c\u0438\u043d, \u0432\u043e\u0434\u044f\u043d\u0430\u044f \u043b\u0438\u043b\u0438\u044f<br \/>\n\u041e\u0431\u044a\u0435\u043c: 296 \u043c\u043b<br \/>\n<\/details>\n","protected":false},"featured_media":26667,"template":"","meta":{"jetpack_publicize_message":"","jetpack_publicize_feature_enabled":true,"jetpack_social_post_already_shared":true,"jetpack_social_options":{"image_generator_settings":{"template":"highway","default_image_id":0,"font":"","enabled":false},"version":2}},"product_brand":[],"product_cat":[930,912,341],"product_tag":[],"class_list":{"0":"post-25989","1":"product","2":"type-product","3":"status-publish","4":"has-post-thumbnail","6":"product_cat-victorias-secret-body-washes","7":"product_cat-nahahooldus","8":"product_cat-victorias-secret","9":"pa_suurus-10-ml-tester","10":"pa_suurus-2-ml-tester","11":"pa_suurus-250-ml-full-size","12":"pa_suurus-30-ml-tester","14":"first","15":"outofstock","16":"sale","17":"shipping-taxable","18":"purchasable","19":"product-type-simple"},"jetpack_publicize_connections":[],"jetpack_sharing_enabled":true,"jetpack_likes_enabled":true,"_links":{"self":[{"href":"https:\/\/superstore.ee\/index.php\/wp-json\/wp\/v2\/product\/25989","targetHints":{"allow":["GET"]}}],"collection":[{"href":"https:\/\/superstore.ee\/index.php\/wp-json\/wp\/v2\/product"}],"about":[{"href":"https:\/\/superstore.ee\/index.php\/wp-json\/wp\/v2\/types\/product"}],"wp:featuredmedia":[{"embeddable":true,"href":"https:\/\/superstore.ee\/index.php\/wp-json\/wp\/v2\/media\/26667"}],"wp:attachment":[{"href":"https:\/\/superstore.ee\/index.php\/wp-json\/wp\/v2\/media?parent=25989"}],"wp:term":[{"taxonomy":"product_brand","embeddable":true,"href":"https:\/\/superstore.ee\/index.php\/wp-json\/wp\/v2\/product_brand?post=25989"},{"taxonomy":"product_cat","embeddable":true,"href":"https:\/\/superstore.ee\/index.php\/wp-json\/wp\/v2\/product_cat?post=25989"},{"taxonomy":"product_tag","embeddable":true,"href":"https:\/\/superstore.ee\/index.php\/wp-json\/wp\/v2\/product_tag?post=25989"}],"curies":[{"name":"wp","href":"https:\/\/api.w.org\/{rel}","templated":true}]}}