{"id":25991,"date":"2025-11-25T20:18:06","date_gmt":"2025-11-25T18:18:06","guid":{"rendered":"https:\/\/superstore.ee\/?post_type=product&#038;p=25991"},"modified":"2026-02-05T14:28:16","modified_gmt":"2026-02-05T12:28:16","slug":"victorias-secret-vanilla-orchid-sandalwood-hair-body-mist","status":"publish","type":"product","link":"https:\/\/superstore.ee\/index.php\/toode\/victorias-secret-vanilla-orchid-sandalwood-hair-body-mist\/","title":{"rendered":"Victoria\u2019s Secret Vanilla Orchid Sandalwood Hair &#038; Body Mist"},"content":{"rendered":"","protected":false},"excerpt":{"rendered":"<p>Victoria\u2019s Secret Vanilla Orchid Sandalwood juuste ja keha sprei (236 ml)<\/p>\n<p><strong>Aroomit\u00fc\u00fcp<\/strong>: merevaigune ja magus<br \/>\n<strong>Noodid<\/strong>: vanilje orhidee, sandlipuu<\/p>\n<p>Eeterlike \u00f5lidega rikastatud. Dermatoloogiliselt heaks kiidetud, vegan, loomkatsete vastu, v\u00e4rvaineteta.<\/p>\n<p>L\u00f5hn on soe ja lohutav \u2014 sobib neile, kes armastavad pehmet, sametist ja kauap\u00fcsivat vanilli-puidust koosk\u00f5la igap\u00e4evaseks kandmiseks.<\/p>\n<details>\n<summary>Details<\/summary>\n<div translate=\"no\">Your new daily ritual. This mist delivers a scent boost from head-to-toe.Dermatologist approved, vegan, against animal testing, and dye-free.<\/p>\n<p>Vanilla Orchid Sandalwood<\/p>\n<p>Warm vanilla orchid meets earthy sandalwood for instant comfort. Infused with essential oils.<\/p>\n<p>Fragrance type: Ambery Gourmand<br \/>\nNotes: vanilla orchid, sandalwood<br \/>\n236 ml\/8 fl oz.<br \/>\nDomestic<\/p>\n<p>INGREDIENTS:<br \/>\nAlcohol Denat., Water (Aqua, Eau), Fragrance (Parfum), Propylene Glycol, Glycerin, PPG-26-Buteth-26, PEG-40 Hydrogenated Castor Oil, Ethylhexyl Methoxycinnamate, Butyl Methoxydibenzoylmethane, Ethylhexyl Salicylate, Vanillin, Hexamethylindanopyran, Tetramethyl acetyloctahydronaphthalenes, Benzyl Salicylate, Hexyl Cinnamal, Limonene, Citrus Limon Peel Oil, Linalyl acetate, Juniperus Virginiana Oil, Lavandula Oil\/ Extract, Linalool, Pinene, Coumarin, Beta-Caryophyllene, Trimethylcyclopentenyl Methylisopentenol, Citral<\/p>\n<\/div>\n<p>Victoria\u2019s Secret Vanilla Orchid Sandalwood Hair &amp; Body Mist (236 \u043c\u043b\/8 fl oz)<\/p>\n<p>\u0412\u0430\u0448 \u043d\u043e\u0432\u044b\u0439 \u0435\u0436\u0435\u0434\u043d\u0435\u0432\u043d\u044b\u0439 \u0440\u0438\u0442\u0443\u0430\u043b. \u042d\u0442\u043e\u0442 \u043c\u0438\u0441\u0442 \u0434\u0430\u0440\u0438\u0442 \u0430\u0440\u043e\u043c\u0430\u0442 \u043e\u0442 \u0433\u043e\u043b\u043e\u0432\u044b \u0434\u043e \u043f\u044f\u0442.<br \/>\n\u0414\u0435\u0440\u043c\u0430\u0442\u043e\u043b\u043e\u0433\u0438\u0447\u0435\u0441\u043a\u0438 \u043e\u0434\u043e\u0431\u0440\u0435\u043d, \u0432\u0435\u0433\u0430\u043d\u0441\u043a\u0438\u0439, \u0431\u0435\u0437 \u0438\u0441\u043f\u044b\u0442\u0430\u043d\u0438\u0439 \u043d\u0430 \u0436\u0438\u0432\u043e\u0442\u043d\u044b\u0445 \u0438 \u0431\u0435\u0437 \u043a\u0440\u0430\u0441\u0438\u0442\u0435\u043b\u0435\u0439.<br \/>\n\u041e\u0431\u043e\u0433\u0430\u0449\u0451\u043d \u044d\u0444\u0438\u0440\u043d\u044b\u043c\u0438 \u043c\u0430\u0441\u043b\u0430\u043c\u0438.<\/p>\n<p>\u0422\u0438\u043f \u0430\u0440\u043e\u043c\u0430\u0442\u0430: \u0410\u043c\u0431\u0440\u043e\u0432\u044b\u0439 \/ \u0433\u0443\u0440\u043c\u0430\u043d\u0441\u043a\u0438\u0439<br \/>\n\u041d\u043e\u0442\u044b: \u0432\u0430\u043d\u0438\u043b\u044c\u043d\u0430\u044f \u043e\u0440\u0445\u0438\u0434\u0435\u044f, \u0441\u0430\u043d\u0434\u0430\u043b<\/p>\n<p>\u0422\u0451\u043f\u043b\u044b\u0439, \u0443\u044e\u0442\u043d\u044b\u0439 \u0438 \u043e\u0431\u0432\u043e\u043b\u0430\u043a\u0438\u0432\u0430\u044e\u0449\u0438\u0439 \u0430\u0440\u043e\u043c\u0430\u0442 \u2014 \u0434\u043b\u044f \u0442\u0435\u0445, \u043a\u0442\u043e \u043b\u044e\u0431\u0438\u0442 \u043c\u044f\u0433\u043a\u043e\u0435 \u0432\u0430\u043d\u0438\u043b\u044c\u043d\u043e-\u0434\u0440\u0435\u0432\u0435\u0441\u043d\u043e\u0435 \u0437\u0432\u0443\u0447\u0430\u043d\u0438\u0435 \u043d\u0430 \u043a\u0430\u0436\u0434\u044b\u0439 \u0434\u0435\u043d\u044c.<\/p>\n<\/details>\n","protected":false},"featured_media":25994,"template":"","meta":{"jetpack_publicize_message":"","jetpack_publicize_feature_enabled":true,"jetpack_social_post_already_shared":true,"jetpack_social_options":{"image_generator_settings":{"template":"highway","default_image_id":0,"font":"","enabled":false},"version":2}},"product_brand":[],"product_cat":[910,927,341],"product_tag":[],"class_list":{"0":"post-25991","1":"product","2":"type-product","3":"status-publish","4":"has-post-thumbnail","6":"product_cat-kehaspreid","7":"product_cat-victorias-secret-body-mists","8":"product_cat-victorias-secret","9":"pa_suurus-10-ml-tester","10":"pa_suurus-2-ml-tester","11":"pa_suurus-250-ml-full-size","12":"pa_suurus-30-ml-tester","14":"first","15":"outofstock","16":"sale","17":"shipping-taxable","18":"purchasable","19":"product-type-simple"},"jetpack_publicize_connections":[],"jetpack_sharing_enabled":true,"jetpack_likes_enabled":true,"_links":{"self":[{"href":"https:\/\/superstore.ee\/index.php\/wp-json\/wp\/v2\/product\/25991","targetHints":{"allow":["GET"]}}],"collection":[{"href":"https:\/\/superstore.ee\/index.php\/wp-json\/wp\/v2\/product"}],"about":[{"href":"https:\/\/superstore.ee\/index.php\/wp-json\/wp\/v2\/types\/product"}],"wp:featuredmedia":[{"embeddable":true,"href":"https:\/\/superstore.ee\/index.php\/wp-json\/wp\/v2\/media\/25994"}],"wp:attachment":[{"href":"https:\/\/superstore.ee\/index.php\/wp-json\/wp\/v2\/media?parent=25991"}],"wp:term":[{"taxonomy":"product_brand","embeddable":true,"href":"https:\/\/superstore.ee\/index.php\/wp-json\/wp\/v2\/product_brand?post=25991"},{"taxonomy":"product_cat","embeddable":true,"href":"https:\/\/superstore.ee\/index.php\/wp-json\/wp\/v2\/product_cat?post=25991"},{"taxonomy":"product_tag","embeddable":true,"href":"https:\/\/superstore.ee\/index.php\/wp-json\/wp\/v2\/product_tag?post=25991"}],"curies":[{"name":"wp","href":"https:\/\/api.w.org\/{rel}","templated":true}]}}