{"id":25996,"date":"2025-11-25T20:24:03","date_gmt":"2025-11-25T18:24:03","guid":{"rendered":"https:\/\/superstore.ee\/?post_type=product&#038;p=25996"},"modified":"2026-02-05T14:28:00","modified_gmt":"2026-02-05T12:28:00","slug":"victorias-secret-vanilla-orchid-sandalwood-whipped-body-scrub","status":"publish","type":"product","link":"https:\/\/superstore.ee\/index.php\/toode\/victorias-secret-vanilla-orchid-sandalwood-whipped-body-scrub\/","title":{"rendered":"Victoria\u2019s Secret Vanilla Orchid Sandalwood Whipped Body Scrub"},"content":{"rendered":"","protected":false},"excerpt":{"rendered":"<p>Luksuslik ja kohev kehakoorija. See rammus suhkrukoorija aitab eemaldada surnud naharakud, muutes naha tuntavalt pehmeks ja sileda tekstuuriga nahaks. Koostis on rikastatud magneesiumiga.<\/p>\n<p>Dermatoloogiliselt heaks kiidetud, vegan, loomkatsetevaba ja v\u00e4rvaineteta.<\/p>\n<p><strong>Aroomit\u00fc\u00fcp<\/strong>: Merevaigune ja magus<br \/>\n<strong>Noodid<\/strong>: vanilje orhidee, sandlipuu<\/p>\n<p>L\u00f5hn on soe ja lohutav \u2014 sobib neile, kes armastavad pehmet, sametist ja kauap\u00fcsivat vanilli-puidust koosk\u00f5la igap\u00e4evaseks kandmiseks.<\/p>\n<p>Kaal: 216 g<\/p>\n<details>\n<summary>Details<\/summary>\n<div translate=\"no\">Victoria\u2019s Secret Vanilla Orchid Sandalwood Whipped Body Scrub This rich sugar scrub helps to exfoliate, for skin that feels soft and smooth.<br \/>\nDermatologist approved, vegan, against animal testing, and dye-free.<br \/>\nVanilla Orchid Sandalwood<br \/>\nWarm vanilla orchid meets earthy sandalwood for instant comfort. Infused with magnesium.<br \/>\nFragrance type: Ambery Gourmand<br \/>\nNotes: vanilla orchid, sandalwood<br \/>\n216 g\/7.6 oz<br \/>\nDomesticINGREDIENTS:<br \/>\nSucrose, Glycerin, Sodium Cocoyl Isethionate, Water (Aqua, Eau), Butylene Glycol, Cocamidopropyl Betaine, Fragrance (Parfum), Palmitic Acid, Coconut Acid, Stearic Acid, Cocos Nucifera (Coconut) Oil, Benzyl Alcohol, Magnesium Chloride, Citric Acid, Salicylic Acid, Disodium EDTA, Sorbic Acid, Calcium Chloride, Butyrospermum Parkii (Shea) Butter, Tocopheryl Acetate, Sodium Chloride, Potassium Chloride, Hexamethylindanopyran, Tetramethyl acetyloctahydronaphthalenes, Vanillin, Hexyl Cinnamal, Limonene, Benzyl Salicylate, Citrus Limon Peel Oil, Linalyl acetate, Trimethylcyclopentenyl Methylisopentenol, Lavandula Oil\/ Extract<\/p>\n<\/div>\n<p>\u041d\u0430\u0441\u044b\u0449\u0435\u043d\u043d\u044b\u0439 \u0441\u0430\u0445\u0430\u0440\u043d\u044b\u0439 \u0441\u043a\u0440\u0430\u0431 \u0441\u043e \u0432\u0437\u0431\u0438\u0442\u043e\u0439 \u0442\u0435\u043a\u0441\u0442\u0443\u0440\u043e\u0439. \u041e\u043d \u043d\u0435\u0436\u043d\u043e \u043e\u0442\u0448\u0435\u043b\u0443\u0448\u0438\u0432\u0430\u0435\u0442 \u043a\u043e\u0436\u0443, \u0434\u0435\u043b\u0430\u044f \u0435\u0451 \u043d\u0435\u0432\u0435\u0440\u043e\u044f\u0442\u043d\u043e \u043c\u044f\u0433\u043a\u043e\u0439 \u0438 \u0433\u043b\u0430\u0434\u043a\u043e\u0439. \u041e\u0434\u043e\u0431\u0440\u0435\u043d\u043e \u0434\u0435\u0440\u043c\u0430\u0442\u043e\u043b\u043e\u0433\u0430\u043c\u0438, \u0432\u0435\u0433\u0430\u043d\u0441\u043a\u0438\u0439 \u0441\u043e\u0441\u0442\u0430\u0432, \u043d\u0435 \u0442\u0435\u0441\u0442\u0438\u0440\u0443\u0435\u0442\u0441\u044f \u043d\u0430 \u0436\u0438\u0432\u043e\u0442\u043d\u044b\u0445, \u0431\u0435\u0437 \u043a\u0440\u0430\u0441\u0438\u0442\u0435\u043b\u0435\u0439.<br \/>\nVanilla Orchid Sandalwood \u0422\u0435\u043f\u043b\u0430\u044f \u0432\u0430\u043d\u0438\u043b\u044c\u043d\u0430\u044f \u043e\u0440\u0445\u0438\u0434\u0435\u044f \u0432 \u0441\u043e\u0447\u0435\u0442\u0430\u043d\u0438\u0438 \u0441 \u0434\u0440\u0435\u0432\u0435\u0441\u043d\u044b\u043c \u0441\u0430\u043d\u0434\u0430\u043b\u043e\u043c \u0434\u0430\u0440\u0438\u0442 \u043c\u0433\u043d\u043e\u0432\u0435\u043d\u043d\u043e\u0435 \u043e\u0449\u0443\u0449\u0435\u043d\u0438\u0435 \u043a\u043e\u043c\u0444\u043e\u0440\u0442\u0430. \u0421\u043e\u0441\u0442\u0430\u0432 \u043e\u0431\u043e\u0433\u0430\u0449\u0435\u043d \u043c\u0430\u0433\u043d\u0438\u0435\u043c.<\/p>\n<p>\u0422\u0438\u043f \u0430\u0440\u043e\u043c\u0430\u0442\u0430: \u0410\u043c\u0431\u0440\u043e\u0432\u044b\u0439 \u0433\u0443\u0440\u043c\u0430\u043d\u0441\u043a\u0438\u0439<br \/>\n\u041d\u043e\u0442\u044b: \u0432\u0430\u043d\u0438\u043b\u044c\u043d\u0430\u044f \u043e\u0440\u0445\u0438\u0434\u0435\u044f, \u0441\u0430\u043d\u0434\u0430\u043b<br \/>\n\u0412\u0435\u0441: 216 \u0433<\/p>\n<\/details>\n","protected":false},"featured_media":26663,"template":"","meta":{"jetpack_publicize_message":"","jetpack_publicize_feature_enabled":true,"jetpack_social_post_already_shared":true,"jetpack_social_options":{"image_generator_settings":{"template":"highway","default_image_id":0,"font":"","enabled":false},"version":2}},"product_brand":[],"product_cat":[929,912,341],"product_tag":[],"class_list":{"0":"post-25996","1":"product","2":"type-product","3":"status-publish","4":"has-post-thumbnail","6":"product_cat-victorias-secret-body-scrubs","7":"product_cat-nahahooldus","8":"product_cat-victorias-secret","9":"pa_suurus-10-ml-tester","10":"pa_suurus-2-ml-tester","11":"pa_suurus-250-ml-full-size","12":"pa_suurus-30-ml-tester","14":"first","15":"instock","16":"sale","17":"shipping-taxable","18":"purchasable","19":"product-type-simple"},"jetpack_publicize_connections":[],"jetpack_sharing_enabled":true,"jetpack_likes_enabled":true,"_links":{"self":[{"href":"https:\/\/superstore.ee\/index.php\/wp-json\/wp\/v2\/product\/25996","targetHints":{"allow":["GET"]}}],"collection":[{"href":"https:\/\/superstore.ee\/index.php\/wp-json\/wp\/v2\/product"}],"about":[{"href":"https:\/\/superstore.ee\/index.php\/wp-json\/wp\/v2\/types\/product"}],"wp:featuredmedia":[{"embeddable":true,"href":"https:\/\/superstore.ee\/index.php\/wp-json\/wp\/v2\/media\/26663"}],"wp:attachment":[{"href":"https:\/\/superstore.ee\/index.php\/wp-json\/wp\/v2\/media?parent=25996"}],"wp:term":[{"taxonomy":"product_brand","embeddable":true,"href":"https:\/\/superstore.ee\/index.php\/wp-json\/wp\/v2\/product_brand?post=25996"},{"taxonomy":"product_cat","embeddable":true,"href":"https:\/\/superstore.ee\/index.php\/wp-json\/wp\/v2\/product_cat?post=25996"},{"taxonomy":"product_tag","embeddable":true,"href":"https:\/\/superstore.ee\/index.php\/wp-json\/wp\/v2\/product_tag?post=25996"}],"curies":[{"name":"wp","href":"https:\/\/api.w.org\/{rel}","templated":true}]}}