{"id":26429,"date":"2025-12-28T13:58:04","date_gmt":"2025-12-28T11:58:04","guid":{"rendered":"https:\/\/superstore.ee\/?post_type=product&#038;p=26429"},"modified":"2026-02-27T21:32:36","modified_gmt":"2026-02-27T19:32:36","slug":"kiko-milano-eyebrow-expert-palette-03","status":"publish","type":"product","link":"https:\/\/superstore.ee\/index.php\/toode\/kiko-milano-eyebrow-expert-palette-03\/","title":{"rendered":"KIKO Milano Eyebrow Expert Palette (03)"},"content":{"rendered":"","protected":false},"excerpt":{"rendered":"<div class=\"ProductDetails__Name visible-md\">\n<div role=\"heading\" data-size=\"medium\">\n<div class=\"woocommerce-product-details__short-description\">\n<p>Kulmude palett KIKO Milano<\/p>\n<p>Komplekt sobib ideaalselt igaks elujuhtumiks t\u00e4iuslike kulmude jaoks ja sisaldab k\u00f5iki tooteid, mis on vajalikud kulmude kujundamiseks, t\u00e4itmiseks ja m\u00e4\u00e4ratlemiseks.<\/p>\n<p>Kulmupalett sisaldab:<\/p>\n<ul>\n<li><strong>1 kulmude seadistus- ja vormimisvaha<\/strong>Vaha m\u00e4\u00e4ratleb, kammib l\u00e4bi ja s\u00e4tib kulmud. Kreemjas ja kleepuv tekstuur tagab mugava pealekandmise ning v\u00f5imaldab kulmukaarel olla t\u00e4iuslikult struktureeritud ja vormitud, nii et see p\u00fcsib kaua m\u00e4\u00e4ratletuna.<\/li>\n<li><strong>2 tooni puudrit<\/strong> (hele ja tume v\u00e4rv)Puudrid, mida kasutatakse eraldi v\u00f5i koos, t\u00e4idavad ja m\u00e4\u00e4ravad t\u00e4iuslikult kulmukaare kuju. Liin on segatav ja kokkupandav ning loob \u00f5rna viimistluse; peale vaha pealekandmist suureneb katvus ja intensiivistub v\u00e4rvus, kleepub ideaalselt intensiivsust kaotamata<\/li>\n<li><strong>3 professionaalset tarvikut<\/strong> (pintsetid, pintsliga aplikaator ja nurga all oleva otsaga aplikaator)<\/li>\n<li>peegel<\/li>\n<\/ul>\n<p>Olenevalt jume- ja juuksev\u00e4rvist saab valida 3 tooni vahel: palett 01 blondidele, palett 02 heledatele br\u00fcnettidele ja palett 03 tumedatele br\u00fcnettidele.<\/p>\n<\/div>\n<\/div>\n<\/div>\n<details>\n<summary>Details<\/summary>\n<div translate=\"no\">\nEyebrow palette.<\/p>\n<p>This kit, ideal for perfect eyebrows on every occasion, contains all the products necessary to shape, fill and define your brows.<\/p>\n<p>Eyebrow Expert Palette consists of:<\/p>\n<p>&#8211; 1 eyebrow setting and shaping wax<\/p>\n<p>&#8211; 2 shades of powder (light and dark colour)<\/p>\n<p>&#8211; 3 professional accessories (tweezers, applicator with brush and applicator with angled tip)<\/p>\n<p>The powders, used alone or together, fill and perfectly define the shape of the eyebrow arch. The line is blendable and buildable and creates a delicate finish; after the wax is applied, the coverage increases and the colour intensifies, adhering perfectly without losing intensity.<\/p>\n<p>The wax defines, combs through and sets the eyebrows. The new creamy and adherent texture ensures comfortable application and allows the brow arch to be perfectly structured and shaped, so it stays defined for a long time.<\/p>\n<p>Depending on complexion and hair colour, you can choose from 3 shades: palette 01 for blondes, palette 02 for light brunettes and palette 03 for dark brunettes.<\/p>\n<p>INGREDIENTS:<br \/>\nBROW WAX INGREDIENTS: ETHYLHEXYL PALMITATE, POLYBUTENE, PARAFFINUM LIQUIDUM (MINERAL OIL\/HUILE MINERALE), MICA, VP\/HEXADECENE COPOLY MER, SYNTHETIC WAX, TRIBEHENIN, CAPRYLIC\/CAPRIC TRIGLYCERIDE, SILICA DIMETHYL SILYLATE, PARAFFIN, STEARALKONIUM BENTONITE, PCA DIMET HICONE, PROPYLENE CARBONATE, TOCOPHEROL, ASCORBYL PALMITATE. +\/- (MAY CONTAIN): CI 77891 (TITANIUM DIOXIDE), CI 77491- CI 77492 &#8211; CI 77499 (IRON OXIDES).POWDER INGREDIENTS: TALC, MICA, DIMETHICONE, SILICA, POLYETHYLENE, PHENYL TRIMETHICONE, NYLON-12, TRIMETHYLSILO XYSILICATE, OCTYLDODECYL STEAROYL STEARATE, CETYL PEG\/PPG-10\/1 DIMETHICONE, POTASSIUM SORBATE, LAUROYL LYSINE, CHLORPHENESIN, LACTIC ACID\/GLYCOLIC ACID COPOLYMER, MAGNESIUM MYRISTATE, ZEA MAYS OIL (ZEA MAYS (CORN) OIL), ZINC STEARATE, TETRASODIUM EDTA, PANAX GINSE NG ROOT EXTRACT, BHT, PENTAERYTHRITYL TETRA-DI-t-BUTYL HYDROXYHYDROCINNAMATE. +\/- (MAY CONTAIN): CI 77891 (TITANIUM DIOXIDE), CI 77 499 &#8211; CI 77492 &#8211; CI 77491 (IRON OXIDES).\n<\/p><\/div>\n<\/details>\n","protected":false},"featured_media":26434,"template":"","meta":{"jetpack_publicize_message":"","jetpack_publicize_feature_enabled":true,"jetpack_social_post_already_shared":true,"jetpack_social_options":{"image_generator_settings":{"template":"highway","default_image_id":0,"font":"","enabled":false},"version":2}},"product_brand":[],"product_cat":[973,340,981],"product_tag":[],"class_list":{"0":"post-26429","1":"product","2":"type-product","3":"status-publish","4":"has-post-thumbnail","6":"product_cat-makeup","7":"product_cat-kiko-milano","8":"product_cat-brows","9":"pa_varv-01-blonde","10":"pa_varv-02-brown","11":"pa_varv-03-brunette","13":"first","14":"outofstock","15":"shipping-taxable","16":"purchasable","17":"product-type-simple"},"jetpack_publicize_connections":[],"jetpack_sharing_enabled":true,"jetpack_likes_enabled":true,"_links":{"self":[{"href":"https:\/\/superstore.ee\/index.php\/wp-json\/wp\/v2\/product\/26429","targetHints":{"allow":["GET"]}}],"collection":[{"href":"https:\/\/superstore.ee\/index.php\/wp-json\/wp\/v2\/product"}],"about":[{"href":"https:\/\/superstore.ee\/index.php\/wp-json\/wp\/v2\/types\/product"}],"wp:featuredmedia":[{"embeddable":true,"href":"https:\/\/superstore.ee\/index.php\/wp-json\/wp\/v2\/media\/26434"}],"wp:attachment":[{"href":"https:\/\/superstore.ee\/index.php\/wp-json\/wp\/v2\/media?parent=26429"}],"wp:term":[{"taxonomy":"product_brand","embeddable":true,"href":"https:\/\/superstore.ee\/index.php\/wp-json\/wp\/v2\/product_brand?post=26429"},{"taxonomy":"product_cat","embeddable":true,"href":"https:\/\/superstore.ee\/index.php\/wp-json\/wp\/v2\/product_cat?post=26429"},{"taxonomy":"product_tag","embeddable":true,"href":"https:\/\/superstore.ee\/index.php\/wp-json\/wp\/v2\/product_tag?post=26429"}],"curies":[{"name":"wp","href":"https:\/\/api.w.org\/{rel}","templated":true}]}}