{"id":26771,"date":"2026-01-25T18:57:50","date_gmt":"2026-01-25T16:57:50","guid":{"rendered":"https:\/\/superstore.ee\/?post_type=product&#038;p=26771"},"modified":"2026-02-06T12:17:42","modified_gmt":"2026-02-06T10:17:42","slug":"victorias-secret-amber-romance-brulee-fragrance-mist","status":"publish","type":"product","link":"https:\/\/superstore.ee\/index.php\/toode\/victorias-secret-amber-romance-brulee-fragrance-mist\/","title":{"rendered":"Victoria\u2019s Secret Amber Romance Brulee Fragrance Mist"},"content":{"rendered":"","protected":false},"excerpt":{"rendered":"<p>Victoria\u2019s Secret Amber Romance Brulee kehasprei<\/p>\n<p>Soe ja r\u00f6stitud. Hubane nauding: luksuslik ja ahvatlev versioon klassikalisest Amber Romance l\u00f5hnast. See kerge kehasprei v\u00e4rskendab nahka ja j\u00e4tab sellele lummava aroomi.<\/p>\n<p>L\u00f5hnat\u00fc\u00fcp: Merevaigune ja magus<br \/>\nTipunoodid: cr\u00e8me br\u00fbl\u00e9e<br \/>\nS\u00fcdamenoodid: merevaigu puru (amber crumble)<\/p>\n<p>P\u00f5hjanoodid: r\u00f6stitud tonka uba<\/p>\n<p>Maht: 250 ml<\/p>\n<details>\n<summary>Details<\/summary>\n<div translate=\"no\">Victoria\u2019s Secret Amber Romance Brulee Fragrance MistWarm &amp; roasted.<\/p>\n<p>Cozy delight: A decadent, indulgent twist on Amber Romance.<\/p>\n<p>Fragrance type: Amber Gourmand<\/p>\n<p>Top: Cr\u00e8me Brulee<br \/>\nHeart: Amber Crumble<br \/>\nBase: Roated Tonka bean<\/p>\n<p>250 ml\/8.4 fl oz.<br \/>\nDomestic<\/p>\n<p>INGREDIENTS:<br \/>\nAlcohol Denat., Water (Aqua, Eau), Fragrance (Parfum), Propylene Glycol, Glycerin, Tetramethyl acetyloctahydronaphthalenes, Vanillin, Hexamethylindanopyran, Benzyl Salicylate, Coumarin, Alpha-Isomethyl Ionone, Citronellol, Limonene, Linalool, Hexyl Cinnamal, Citrus Aurantium Peel Oil, Juniperus Virginiana Oil, Benzaldehyde, Cinnamyl Alcohol, Rose Ketones, PPG-26-Buteth-26, PEG-40 Hydrogenated Castor Oil, Ethylhexyl Methoxycinnamate, Ethylhexyl Salicylate, Butyl Methoxydibenzoylmethane<\/p>\n<\/div>\n<p>Victoria\u2019s Secret Amber Romance Brulee \u043f\u0430\u0440\u0444\u044e\u043c\u0438\u0440\u043e\u0432\u0430\u043d\u043d\u044b\u0439 \u043c\u0438\u0441\u0442<\/p>\n<p>\u0422\u0435\u043f\u043b\u044b\u0439 \u0438 \u043e\u0431\u0436\u0430\u0440\u0435\u043d\u043d\u044b\u0439. \u0423\u044e\u0442\u043d\u044b\u0439 \u0432\u043e\u0441\u0442\u043e\u0440\u0433: \u0438\u0437\u044b\u0441\u043a\u0430\u043d\u043d\u0430\u044f \u0438 \u043c\u0430\u043d\u044f\u0449\u0430\u044f \u0438\u043d\u0442\u0435\u0440\u043f\u0440\u0435\u0442\u0430\u0446\u0438\u044f \u0430\u0440\u043e\u043c\u0430\u0442\u0430 Amber Romance. \u042d\u0442\u043e\u0442 \u043b\u0435\u0433\u043a\u0438\u0439 \u043c\u0438\u0441\u0442 \u0434\u0430\u0440\u0438\u0442 \u043a\u043e\u0436\u0435 \u0441\u0432\u0435\u0436\u0435\u0441\u0442\u044c \u0438 \u043e\u043a\u0443\u0442\u044b\u0432\u0430\u0435\u0442 \u0435\u0435 \u0441\u0442\u043e\u0439\u043a\u0438\u043c \u0434\u0435\u0441\u0435\u0440\u0442\u043d\u044b\u043c \u0430\u0440\u043e\u043c\u0430\u0442\u043e\u043c.<\/p>\n<p>\u0422\u0438\u043f \u0430\u0440\u043e\u043c\u0430\u0442\u0430: \u0410\u043c\u0431\u0440\u043e\u0432\u044b\u0439 \u0433\u0443\u0440\u043c\u0430\u043d\u0441\u043a\u0438\u0439<\/p>\n<p>\u0412\u0435\u0440\u0445\u043d\u0438\u0435 \u043d\u043e\u0442\u044b: \u043a\u0440\u0435\u043c-\u0431\u0440\u044e\u043b\u0435<br \/>\n\u041d\u043e\u0442\u044b \u0441\u0435\u0440\u0434\u0446\u0430: \u044f\u043d\u0442\u0430\u0440\u043d\u0430\u044f \u043a\u0440\u043e\u0448\u043a\u0430<br \/>\n\u0411\u0430\u0437\u043e\u0432\u044b\u0435 \u043d\u043e\u0442\u044b: \u0436\u0430\u0440\u0435\u043d\u044b\u0435 \u0431\u043e\u0431\u044b \u0442\u043e\u043d\u043a\u0430<\/p>\n<p>\u041e\u0431\u044a\u0435\u043c: 250 \u043c\u043b<\/p>\n<\/details>\n","protected":false},"featured_media":26764,"template":"","meta":{"jetpack_publicize_message":"","jetpack_publicize_feature_enabled":true,"jetpack_social_post_already_shared":true,"jetpack_social_options":{"image_generator_settings":{"template":"highway","default_image_id":0,"font":"","enabled":false},"version":2}},"product_brand":[],"product_cat":[910,927,341],"product_tag":[],"class_list":{"0":"post-26771","1":"product","2":"type-product","3":"status-publish","4":"has-post-thumbnail","6":"product_cat-kehaspreid","7":"product_cat-victorias-secret-body-mists","8":"product_cat-victorias-secret","9":"pa_suurus-10-ml-tester","10":"pa_suurus-2-ml-tester","11":"pa_suurus-250-ml-full-size","12":"pa_suurus-30-ml-tester","14":"first","15":"outofstock","16":"sale","17":"shipping-taxable","18":"purchasable","19":"product-type-simple"},"jetpack_publicize_connections":[],"jetpack_sharing_enabled":true,"jetpack_likes_enabled":true,"_links":{"self":[{"href":"https:\/\/superstore.ee\/index.php\/wp-json\/wp\/v2\/product\/26771","targetHints":{"allow":["GET"]}}],"collection":[{"href":"https:\/\/superstore.ee\/index.php\/wp-json\/wp\/v2\/product"}],"about":[{"href":"https:\/\/superstore.ee\/index.php\/wp-json\/wp\/v2\/types\/product"}],"wp:featuredmedia":[{"embeddable":true,"href":"https:\/\/superstore.ee\/index.php\/wp-json\/wp\/v2\/media\/26764"}],"wp:attachment":[{"href":"https:\/\/superstore.ee\/index.php\/wp-json\/wp\/v2\/media?parent=26771"}],"wp:term":[{"taxonomy":"product_brand","embeddable":true,"href":"https:\/\/superstore.ee\/index.php\/wp-json\/wp\/v2\/product_brand?post=26771"},{"taxonomy":"product_cat","embeddable":true,"href":"https:\/\/superstore.ee\/index.php\/wp-json\/wp\/v2\/product_cat?post=26771"},{"taxonomy":"product_tag","embeddable":true,"href":"https:\/\/superstore.ee\/index.php\/wp-json\/wp\/v2\/product_tag?post=26771"}],"curies":[{"name":"wp","href":"https:\/\/api.w.org\/{rel}","templated":true}]}}