{"id":26859,"date":"2026-02-05T14:44:49","date_gmt":"2026-02-05T12:44:49","guid":{"rendered":"https:\/\/superstore.ee\/?post_type=product&#038;p=26859"},"modified":"2026-02-05T16:21:42","modified_gmt":"2026-02-05T14:21:42","slug":"victorias-secret-bombshell-fragrance-duo-gift-set","status":"publish","type":"product","link":"https:\/\/superstore.ee\/index.php\/toode\/victorias-secret-bombshell-fragrance-duo-gift-set\/","title":{"rendered":"Victoria\u2019s Secret Bombshell Fragrance Duo Gift Set"},"content":{"rendered":"","protected":false},"excerpt":{"rendered":"<p>Victoria\u2019s Secret Bombshell Fragrance Duo kinkekomplekt<\/p>\n<p>Lisa endale enesekindlust Ameerika nr 1 parf\u00fc\u00fcmiga. Bombshell on s\u00e4rav ja mahlakas segu v\u00e4rsketest pojengidest ning eksootilistest puuviljadest p\u00e4rastl\u00f5unase p\u00e4ikese k\u00e4es. See on Victoria&#8217;s Secreti k\u00f5ige n\u00f5utum l\u00f5hn, mis on n\u00fc\u00fcd mugavas reisikomplektis sinuga igal pool kaasas.<\/p>\n<p>KINKEKOMPLEKT SISALDAB:<\/p>\n<ul>\n<li>Mini Eau de Parfum (7 ml)<\/li>\n<li>L\u00f5hnastatud kehakreem (100 ml)<\/li>\n<\/ul>\n<p><strong>L\u00f5hnat\u00fc\u00fcp<\/strong>: Puuviljane lilleline<\/p>\n<p><strong>Noodid<\/strong>: lilla\u00a0passionivili, Shangri-La pojeng, vanilli-orhidee<\/p>\n<p>Lennureisideks sobiv (TSA-friendly) suurus<\/p>\n<details>\n<summary>Details<\/summary>\n<div translate=\"no\">\n<p>Victoria\u2019s Secret Bombshell Fragrance Duo Gift SetCelebrate your confidence with America\u2019s No. 1 Fragrance*, a sparkling mix of fresh-cut peonies and exotic fruits in the afternoon sun. Wherever you go, this duo goes, too.<\/p>\n<p>GIFT SET INCLUDES:<br \/>\nMini Eau de Parfum (7 ml\/.25 fl oz.)<br \/>\nTravel Fine Fragrance Lotion (100 ml\/3.4 fl oz.)<\/p>\n<p>Fragrance type: Fruity Floral<br \/>\nNotes: purple passion fruit, Shangri-La peony, vanilla orchid<\/p>\n<p>TSA-friendly, perfect for travel<\/p>\n<p>Domestic<\/p>\n<\/div>\n<p>Victoria\u2019s Secret Bombshell Fragrance Duo \u043f\u043e\u0434\u0430\u0440\u043e\u0447\u043d\u044b\u0439 \u043d\u0430\u0431\u043e\u0440<\/p>\n<p>\u041f\u043e\u0447\u0443\u0432\u0441\u0442\u0432\u0443\u0439\u0442\u0435 \u0443\u0432\u0435\u0440\u0435\u043d\u043d\u043e\u0441\u0442\u044c \u0441 \u0430\u0440\u043e\u043c\u0430\u0442\u043e\u043c \u21161 \u0432 \u0410\u043c\u0435\u0440\u0438\u043a\u0435. Bombshell \u2014 \u044d\u0442\u043e \u0438\u0441\u043a\u0440\u0438\u0441\u0442\u044b\u0439 \u043c\u0438\u043a\u0441 \u0438\u0437 \u0441\u0432\u0435\u0436\u0435\u0441\u0440\u0435\u0437\u0430\u043d\u043d\u044b\u0445 \u043f\u0438\u043e\u043d\u043e\u0432 \u0438 \u044d\u043a\u0437\u043e\u0442\u0438\u0447\u0435\u0441\u043a\u0438\u0445 \u0444\u0440\u0443\u043a\u0442\u043e\u0432 \u0432 \u043b\u0443\u0447\u0430\u0445 \u043f\u043e\u0441\u043b\u0435\u043f\u043e\u043b\u0443\u0434\u0435\u043d\u043d\u043e\u0433\u043e \u0441\u043e\u043b\u043d\u0446\u0430. \u041b\u0435\u0433\u0435\u043d\u0434\u0430\u0440\u043d\u044b\u0439 \u0431\u0435\u0441\u0442\u0441\u0435\u043b\u043b\u0435\u0440 \u0438 \u0441\u0430\u043c\u044b\u0439 \u0432\u043e\u0441\u0442\u0440\u0435\u0431\u043e\u0432\u0430\u043d\u043d\u044b\u0439 \u0430\u0440\u043e\u043c\u0430\u0442 Victoria&#8217;s Secret \u0442\u0435\u043f\u0435\u0440\u044c \u0432 \u0443\u0434\u043e\u0431\u043d\u043e\u043c \u0434\u043e\u0440\u043e\u0436\u043d\u043e\u043c \u0444\u043e\u0440\u043c\u0430\u0442\u0435, \u043a\u043e\u0442\u043e\u0440\u044b\u0439 \u0432\u0441\u0435\u0433\u0434\u0430 \u0431\u0443\u0434\u0435\u0442 \u043f\u043e\u0434 \u0440\u0443\u043a\u043e\u0439.<\/p>\n<p>\u0412 \u041f\u041e\u0414\u0410\u0420\u041e\u0427\u041d\u042b\u0419 \u041d\u0410\u0411\u041e\u0420 \u0412\u0425\u041e\u0414\u042f\u0422:<br \/>\n\u041c\u0438\u043d\u0438-\u043f\u0430\u0440\u0444\u044e\u043c (Eau de Parfum) (7 \u043c\u043b)<br \/>\n\u041f\u0430\u0440\u0444\u044e\u043c\u0438\u0440\u043e\u0432\u0430\u043d\u043d\u044b\u0439 \u043a\u0440\u0435\u043c (100 \u043c\u043b)<\/p>\n<p>\u0422\u0438\u043f \u0430\u0440\u043e\u043c\u0430\u0442\u0430: \u0424\u0440\u0443\u043a\u0442\u043e\u0432\u043e-\u0446\u0432\u0435\u0442\u043e\u0447\u043d\u044b\u0439<br \/>\n\u041d\u043e\u0442\u044b: \u043f\u0443\u0440\u043f\u0443\u0440\u043d\u0430\u044f \u043c\u0430\u0440\u0430\u043a\u0443\u0439\u044f, \u043f\u0438\u043e\u043d \u0428\u0430\u043d\u0433\u0440\u0438-\u041b\u0430, \u0432\u0430\u043d\u0438\u043b\u044c\u043d\u0430\u044f \u043e\u0440\u0445\u0438\u0434\u0435\u044f<\/p>\n<p>\u041f\u043e\u0434\u0445\u043e\u0434\u0438\u0442 \u0434\u043b\u044f \u0440\u0443\u0447\u043d\u043e\u0439 \u043a\u043b\u0430\u0434\u0438 (TSA-friendly), \u0438\u0434\u0435\u0430\u043b\u044c\u043d\u043e \u0434\u043b\u044f \u043f\u0443\u0442\u0435\u0448\u0435\u0441\u0442\u0432\u0438\u0439<\/p>\n<\/details>\n","protected":false},"featured_media":26866,"template":"","meta":{"jetpack_publicize_message":"","jetpack_publicize_feature_enabled":true,"jetpack_social_post_already_shared":true,"jetpack_social_options":{"image_generator_settings":{"template":"highway","default_image_id":0,"font":"","enabled":false},"version":2}},"product_brand":[],"product_cat":[926,830,342,912,932,341],"product_tag":[],"class_list":{"0":"post-26859","1":"product","2":"type-product","3":"status-publish","4":"has-post-thumbnail","6":"product_cat-victorias-secret-body-lotions","7":"product_cat-kingitused","8":"product_cat-komplektid-victorias-secret","9":"product_cat-nahahooldus","10":"product_cat-victorias-secret-parfumes","11":"product_cat-victorias-secret","12":"pa_lohn-velvet-petals","14":"first","15":"instock","16":"sale","17":"shipping-taxable","18":"purchasable","19":"product-type-simple"},"jetpack_publicize_connections":[],"jetpack_sharing_enabled":true,"jetpack_likes_enabled":true,"_links":{"self":[{"href":"https:\/\/superstore.ee\/index.php\/wp-json\/wp\/v2\/product\/26859","targetHints":{"allow":["GET"]}}],"collection":[{"href":"https:\/\/superstore.ee\/index.php\/wp-json\/wp\/v2\/product"}],"about":[{"href":"https:\/\/superstore.ee\/index.php\/wp-json\/wp\/v2\/types\/product"}],"wp:featuredmedia":[{"embeddable":true,"href":"https:\/\/superstore.ee\/index.php\/wp-json\/wp\/v2\/media\/26866"}],"wp:attachment":[{"href":"https:\/\/superstore.ee\/index.php\/wp-json\/wp\/v2\/media?parent=26859"}],"wp:term":[{"taxonomy":"product_brand","embeddable":true,"href":"https:\/\/superstore.ee\/index.php\/wp-json\/wp\/v2\/product_brand?post=26859"},{"taxonomy":"product_cat","embeddable":true,"href":"https:\/\/superstore.ee\/index.php\/wp-json\/wp\/v2\/product_cat?post=26859"},{"taxonomy":"product_tag","embeddable":true,"href":"https:\/\/superstore.ee\/index.php\/wp-json\/wp\/v2\/product_tag?post=26859"}],"curies":[{"name":"wp","href":"https:\/\/api.w.org\/{rel}","templated":true}]}}