{"id":26906,"date":"2026-02-08T15:07:04","date_gmt":"2026-02-08T13:07:04","guid":{"rendered":"https:\/\/superstore.ee\/?post_type=product&#038;p=26906"},"modified":"2026-03-22T15:15:20","modified_gmt":"2026-03-22T13:15:20","slug":"kiko-milano-contouring-face-set","status":"publish","type":"product","link":"https:\/\/superstore.ee\/index.php\/toode\/kiko-milano-contouring-face-set\/","title":{"rendered":"KIKO MILANO Contouring Face Set"},"content":{"rendered":"","protected":false},"excerpt":{"rendered":"<p>Meigikomplekt KIKO Milano P\u00f5sepuna + Highlighter + Kontuuripulk<\/p>\n<p><strong>Komplekt<\/strong> <strong>sisaldab<\/strong>:<\/p>\n<ul>\n<li><strong>N.1 Sculpting Touch Creamy Stick Contouring 200<\/strong><br \/>\nIdeaalne n\u00e4ojoonte esilet\u00f5stmiseks ja r\u00f5hutamiseks, valguse ja varju m\u00e4ngu loomiseks. Sellel pulgal on matt viimistlus ja ta on rikastatud pistaatsia ekstraktiga. Lihtne segada ja tundub nahal m\u00f5nus.<\/li>\n<li><strong>N.1 Velvet Touch Creamy Stick Blush 02<\/strong><br \/>\nS\u00e4rava viimistlusega p\u00f5sepunapulk, suurep\u00e4rane v\u00e4rviedastus ja hea segatavus. Puudutamisel pehme, elustab jume koheselt.<\/li>\n<li><strong>N.1 Radiant Touch Creamy Stick Highlighter 102<\/strong><br \/>\nPehme ja kreemjas, p\u00e4rlmutter highlighteri pulk on rikastatud jojoba\u00f5liga. Asendamatu n\u00e4o valgustatud piirkondade esilet\u00f5stmiseks.<\/li>\n<\/ul>\n<details>\n<summary>Details<\/summary>\n<div translate=\"no\">\n<p>KIKO MILANO Contouring Face Set &#8211; Make-up kit with 3 sticks: blush, highlight and face contourThis make-up kit containing a blush, a highlighter and a contour stick, comes in elegant cardboard packaging.<\/p>\n<p>The kit contains:<br \/>\n&#8211; N.1 Sculpting Touch Creamy Stick Contouring 200<br \/>\nPerfect for highlighting and emphasising your features by creating plays of light and shadow, this practical contour stick has a matte finish and is enriched with pistachio extract. Easy to blend, it feels comfortable on the skin.<\/p>\n<p>&#8211; N.1 Velvet Touch Creamy Stick Blush 02<br \/>\nA blush stick with a luminous finish, excellent colour release and high blendability. Soft to the touch, it instantly revives the complexion and its design allows for convenient application.<\/p>\n<p>&#8211; N.1 Radiant Touch Creamy Stick Highlighter 102<br \/>\nSoft and creamy, this highlighter stick with its super pearly texture is enriched with jojoba oil, and is a must-have for enhancing facial highlights in the blink of an eye, even when you&#8217;re on-the-go.<\/p>\n<p>Ideal for<br \/>\nenhancing, defining and sculpting facial features quickly and easily.<\/p>\n<p>Made IN Italy<\/p>\n<p>INGREDIENTS:<br \/>\nBLUSH 02 INGREDIENTS: ISONONYL ISONONANOATE, MICA, POLYETHYLENE, SYNTHETIC WAX, NEOPENTYL GLYCOL DICAPRYLATE\/DICAPRATE, POLYMETHYLSI LSESQUIOXANE, TALC, ZINC STEARATE, SILICA, DIMETHICONE, ETHYLENE BRASSYLATE, PENTAERYTHRITYL TETRA-DI-t-BUTYL HYDROXYHYDROCINNAMATE, PLUKENETIA VOLUBILIS SEED OIL, PISTACIA VERA SEED OIL, HYDROGENATED VEGETABLE OIL, TIN OXIDE, TOCOPHEROL, DICALCIUM PHOSPHATE. +\/- (MAY CONTAIN): CI 77891 (TITANIUM DIOXIDE), CI 77491 (IRON OXIDES), CI 77492 (IRON OXIDES), CI 77499 (IRON OXIDES), CI 42090 (BLUE 1 LAKE), CI 19140 (YELLOW 5 LAKE), CI 15850 (RED 7), CI 45410 (RED 28 LAKE), CI 15850 (RED 6), CI 73360 (RED 30 LAKE), CI 75470 (CARM INE). CONTAINS CARMINE AS A COLOUR ADDITIVE. CONTOUR 200 INGREDIENTS: ISONONYL ISONONANOATE, MICA, POLYETHYLENE, SYNTHETIC WAX, NEOP ENTYL GLYCOL DICAPRYLATE\/DICAPRATE, POLYMETHYLSILSESQUIOXANE, TALC, ZINC STEARATE, SILICA, DIMETHICONE, ETHYLENE BRASSYLATE, PENTAER YTHRITYL TETRA-DI-t-BUTYL HYDROXYHYDROCINNAMATE, PLUKENETIA VOLUBILIS SEED OIL, PISTACIA VERA SEED OIL, HYDROGENATED VEGETABLE OIL, TOCOPHEROL, DICALCIUM PHOSPHATE, TIN OXIDE . +\/- (MAY CONTAIN): CI 77891 (TITANIUM DIOXIDE), CI 77491 (IRON OXIDES), CI 77492 (IR ON OXIDES), CI 77499 (IRON OXIDES), CI 42090 (BLUE 1 LAKE), CI 19140 (YELLOW 5 LAKE). HIGHLIGHTER 102 INGREDIENTS: HYDROGENATED POLY ISOBUTENE, DIETHYLHEXYL ADIPATE, DIMETHICONE, MICA, POLYETHYLENE, EUPHORBIA CERIFERA CERA (EUPHORBIA CERIFERA (CANDELILLA) WAX\/CIRE DE CANDELILLA), TALC, SILICA, POLYMETHYL METHACRYLATE, SILICA DIMETHYL SILYLATE, POLYGLYCERYL-3 DIISOSTEARATE, HYDROGENATED MICROCRY STALLINE WAX, SYNTHETIC WAX, OCTYLDODECYL STEAROYL STEARATE, OCTYLDODECANOL, NYLON-12, SIMMONDSIA CHINENSIS SEED OIL (SIMMONDSIA CHI NENSIS (JOJOBA) SEED OIL), ORYZA SATIVA BRAN OIL (ORYZA SATIVA (RICE) BRAN OIL), CETEARYL ETHYLHEXANOATE, ETHYLENE BRASSYLATE, TIN O XIDE, TOCOPHEROL, LECITHIN, ASCORBYL PALMITATE, GLYCERYL STEARATE, GLYCERYL OLEATE, CITRIC ACID, CI 77891 (TITANIUM DIOXIDE), CI 774 91 (IRON OXIDES).<\/p>\n<\/div>\n<p>\u041d\u0430\u0431\u043e\u0440 \u0434\u043b\u044f \u043a\u043e\u043d\u0442\u0443\u0440\u0438\u0440\u043e\u0432\u0430\u043d\u0438\u044f \u043b\u0438\u0446\u0430 KIKO Milano, \u0432\u043a\u043b\u044e\u0447\u0430\u044e\u0449\u0438\u0439 \u0440\u0443\u043c\u044f\u043d\u0430, \u0445\u0430\u0439\u043b\u0430\u0439\u0442\u0435\u0440 \u0438 \u043a\u043e\u043d\u0442\u0443\u0440\u043d\u044b\u0439 \u0441\u0442\u0438\u043a<\/p>\n<p><strong>\u0412 \u043d\u0430\u0431\u043e\u0440 \u0432\u0445\u043e\u0434\u0438\u0442:<\/strong><\/p>\n<ul>\n<li><strong>N.1 Sculpting Touch Creamy Stick Contouring 200<\/strong><br \/>\n\u0418\u0434\u0435\u0430\u043b\u044c\u043d\u043e \u043f\u043e\u0434\u0445\u043e\u0434\u0438\u0442 \u0434\u043b\u044f \u0432\u044b\u0434\u0435\u043b\u0435\u043d\u0438\u044f \u0438 \u0430\u043a\u0446\u0435\u043d\u0442\u0438\u0440\u043e\u0432\u0430\u043d\u0438\u044f \u0447\u0435\u0440\u0442 \u043b\u0438\u0446\u0430, \u0441\u043e\u0437\u0434\u0430\u0432\u0430\u044f \u0438\u0433\u0440\u0443 \u0441\u0432\u0435\u0442\u0430 \u0438 \u0442\u0435\u043d\u0438. \u0418\u043c\u0435\u0435\u0442 \u043c\u0430\u0442\u043e\u0432\u0443\u044e \u043e\u0442\u0434\u0435\u043b\u043a\u0443 \u0438 \u043e\u0431\u043e\u0433\u0430\u0449\u0435\u043d \u044d\u043a\u0441\u0442\u0440\u0430\u043a\u0442\u043e\u043c \u0444\u0438\u0441\u0442\u0430\u0448\u043a\u0438. \u041b\u0435\u0433\u043a\u043e \u0440\u0430\u0441\u0442\u0443\u0448\u0435\u0432\u044b\u0432\u0430\u0435\u0442\u0441\u044f \u0438 \u043a\u043e\u043c\u0444\u043e\u0440\u0442\u043d\u043e \u043e\u0449\u0443\u0449\u0430\u0435\u0442\u0441\u044f \u043d\u0430 \u043a\u043e\u0436\u0435.<\/li>\n<li><strong>N.1 Velvet Touch Creamy Stick Blush 02<\/strong><br \/>\n\u0420\u0443\u043c\u044f\u043d\u0430-\u0441\u0442\u0438\u043a \u0441 \u0441\u0438\u044f\u044e\u0449\u0438\u043c \u043f\u043e\u043a\u0440\u044b\u0442\u0438\u0435\u043c, \u043e\u0442\u043b\u0438\u0447\u043d\u043e\u0439 \u0446\u0432\u0435\u0442\u043e\u043f\u0435\u0440\u0435\u0434\u0430\u0447\u0435\u0439 \u0438 \u0432\u044b\u0441\u043e\u043a\u043e\u0439 \u0440\u0430\u0441\u0442\u0443\u0448\u0435\u0432\u044b\u0432\u0430\u0435\u043c\u043e\u0441\u0442\u044c\u044e. \u041c\u044f\u0433\u043a\u0438\u0439 \u043d\u0430 \u043e\u0449\u0443\u043f\u044c, \u043e\u043d \u043c\u0433\u043d\u043e\u0432\u0435\u043d\u043d\u043e \u043e\u0436\u0438\u0432\u043b\u044f\u0435\u0442 \u0446\u0432\u0435\u0442 \u043b\u0438\u0446\u0430.<\/li>\n<li><strong>N.1 Radiant Touch Creamy Stick Highlighter 102<\/strong><br \/>\n\u041c\u044f\u0433\u043a\u0438\u0439 \u0438 \u043a\u0440\u0435\u043c\u043e\u0432\u044b\u0439, \u044d\u0442\u043e\u0442 \u0445\u0430\u0439\u043b\u0430\u0439\u0442\u0435\u0440-\u0441\u0442\u0438\u043a \u0441 \u043f\u0435\u0440\u043b\u0430\u043c\u0443\u0442\u0440\u043e\u0432\u043e\u0439 \u0442\u0435\u043a\u0441\u0442\u0443\u0440\u043e\u0439 \u043e\u0431\u043e\u0433\u0430\u0449\u0435\u043d \u043c\u0430\u0441\u043b\u043e\u043c \u0436\u043e\u0436\u043e\u0431\u0430. \u041d\u0435\u0437\u0430\u043c\u0435\u043d\u0438\u043c \u0434\u043b\u044f \u043f\u043e\u0434\u0447\u0451\u0440\u043a\u0438\u0432\u0430\u043d\u0438\u044f \u043e\u0441\u0432\u0435\u0449\u0451\u043d\u043d\u044b\u0445 \u0437\u043e\u043d \u043b\u0438\u0446\u0430.<\/li>\n<\/ul>\n<\/details>\n","protected":false},"featured_media":26907,"template":"","meta":{"jetpack_publicize_message":"","jetpack_publicize_feature_enabled":true,"jetpack_social_post_already_shared":true,"jetpack_social_options":{"image_generator_settings":{"template":"highway","default_image_id":0,"font":"","enabled":false},"version":2}},"product_brand":[],"product_cat":[980,973,340,971,978,974,979],"product_tag":[],"class_list":{"0":"post-26906","1":"product","2":"type-product","3":"status-publish","4":"has-post-thumbnail","6":"product_cat-highlighter","7":"product_cat-makeup","8":"product_cat-kiko-milano","9":"product_cat-sets","10":"product_cat-contouring-and-bronzers","11":"product_cat-face","12":"product_cat-blush","13":"pa_varv-01-blonde","14":"pa_varv-02-chestnut","16":"first","17":"instock","18":"shipping-taxable","19":"purchasable","20":"product-type-simple"},"jetpack_publicize_connections":[],"jetpack_sharing_enabled":true,"jetpack_likes_enabled":true,"_links":{"self":[{"href":"https:\/\/superstore.ee\/index.php\/wp-json\/wp\/v2\/product\/26906","targetHints":{"allow":["GET"]}}],"collection":[{"href":"https:\/\/superstore.ee\/index.php\/wp-json\/wp\/v2\/product"}],"about":[{"href":"https:\/\/superstore.ee\/index.php\/wp-json\/wp\/v2\/types\/product"}],"wp:featuredmedia":[{"embeddable":true,"href":"https:\/\/superstore.ee\/index.php\/wp-json\/wp\/v2\/media\/26907"}],"wp:attachment":[{"href":"https:\/\/superstore.ee\/index.php\/wp-json\/wp\/v2\/media?parent=26906"}],"wp:term":[{"taxonomy":"product_brand","embeddable":true,"href":"https:\/\/superstore.ee\/index.php\/wp-json\/wp\/v2\/product_brand?post=26906"},{"taxonomy":"product_cat","embeddable":true,"href":"https:\/\/superstore.ee\/index.php\/wp-json\/wp\/v2\/product_cat?post=26906"},{"taxonomy":"product_tag","embeddable":true,"href":"https:\/\/superstore.ee\/index.php\/wp-json\/wp\/v2\/product_tag?post=26906"}],"curies":[{"name":"wp","href":"https:\/\/api.w.org\/{rel}","templated":true}]}}