{"id":27294,"date":"2026-05-04T15:47:28","date_gmt":"2026-05-04T12:47:28","guid":{"rendered":"https:\/\/superstore.ee\/?post_type=product&#038;p=27294"},"modified":"2026-05-05T12:45:20","modified_gmt":"2026-05-05T09:45:20","slug":"victorias-secret-love-spell-intense-fragrance-mist","status":"publish","type":"product","link":"https:\/\/superstore.ee\/index.php\/toode\/victorias-secret-love-spell-intense-fragrance-mist\/","title":{"rendered":"Victoria\u2019s Secret Love Spell Intense Fragrance Mist"},"content":{"rendered":"","protected":false},"excerpt":{"rendered":"<p>Victoria\u2019s Secret Love Spell Intense kehasprei (250 ml)<\/p>\n<p>Puuviljane ja lilleline. Lummav puhang: ikooniline Love Spell l\u00f5hn veelgi intensiivsemas versioonis. See kerge kehasprei v\u00e4rskendab nahka ja j\u00e4tab sellele k\u00fctkestava ning p\u00fcsiva aroomi.<\/p>\n<p><strong>L\u00f5hnat\u00fc\u00fcp<\/strong>: Puuviljane lilleline<\/p>\n<p><strong>Tipunoodid<\/strong>: Red Velvet \u00f5un, virsikunehtar, suhkrustatud sidrunitilk<\/p>\n<p><strong>S\u00fcdamenoodid<\/strong>: kuldne kirsi\u00f5is, valge jasmiin, tamarindi\u00f5is<\/p>\n<p><strong>P\u00f5hjanoodid<\/strong>: vaarikakreem, soe vanillipuit, aprikoosimuskus<\/p>\n<details>\n<summary>Details<\/summary>\n<div translate=\"no\">Love Spell Intense Fragrance Mist &#8211; Body FragranceFruity &amp; gourmand.<br \/>\nFruity &amp; floral.A mesmerizing burst: Our iconic Love Spell scent, amplified.Fragrance type: Fruity FloralNotesTop: Red Velvet Apple, Peach Nectar, Sugared Lemon DropHeart: Gilded Cherry Blossom, White Jasmine, Tamarind FlowerBase: Raspberry Cream, Vanilla Woods, Apricot Musk250 ml\/8.4 fl oz.<br \/>\nDomestic<\/p>\n<p>INGREDIENTS:<br \/>\nAlcohol Denat., Water (Aqua, Eau), Fragrance (Parfum), Propylene Glycol, Glycerin, PPG-26-Buteth-26, PEG-40 Hydrogenated Castor Oil, Ethylhexyl Methoxycinnamate, Butyl Methoxydibenzoylmethane, Ethylhexyl Salicylate, Tetramethyl acetyloctahydronaphthalenes, Benzaldehyde, Rose Ketones<\/p>\n<\/div>\n<p>Victoria\u2019s Secret Love Spell Intense \u043f\u0430\u0440\u0444\u044e\u043c\u0438\u0440\u043e\u0432\u0430\u043d\u043d\u044b\u0439 \u043c\u0438\u0441\u0442 250 \u043c\u043b<\/p>\n<p>\u0424\u0440\u0443\u043a\u0442\u043e\u0432\u044b\u0439 \u0438 \u0446\u0432\u0435\u0442\u043e\u0447\u043d\u044b\u0439. \u0417\u0430\u0432\u043e\u0440\u0430\u0436\u0438\u0432\u0430\u044e\u0449\u0438\u0439 \u0432\u0437\u0440\u044b\u0432: \u043d\u0430\u0448 \u043b\u0435\u0433\u0435\u043d\u0434\u0430\u0440\u043d\u044b\u0439 \u0430\u0440\u043e\u043c\u0430\u0442 Love Spell \u0432 \u0435\u0449\u0435 \u0431\u043e\u043b\u0435\u0435 \u043d\u0430\u0441\u044b\u0449\u0435\u043d\u043d\u043e\u043c \u0438 \u0433\u043b\u0443\u0431\u043e\u043a\u043e\u043c \u0438\u0441\u043f\u043e\u043b\u043d\u0435\u043d\u0438\u0438. \u042d\u0442\u043e\u0442 \u043b\u0435\u0433\u043a\u0438\u0439 \u043c\u0438\u0441\u0442 \u043c\u0433\u043d\u043e\u0432\u0435\u043d\u043d\u043e \u043e\u0441\u0432\u0435\u0436\u0430\u0435\u0442 \u043a\u043e\u0436\u0443 \u0438 \u043e\u0441\u0442\u0430\u0432\u043b\u044f\u0435\u0442 \u043d\u0430 \u043d\u0435\u0439 \u0441\u0442\u043e\u0439\u043a\u0438\u0439, \u043f\u0440\u0438\u0442\u044f\u0433\u0430\u0442\u0435\u043b\u044c\u043d\u044b\u0439 \u0430\u0440\u043e\u043c\u0430\u0442.<\/p>\n<p>\u0422\u0438\u043f \u0430\u0440\u043e\u043c\u0430\u0442\u0430: \u0424\u0440\u0443\u043a\u0442\u043e\u0432\u043e-\u0446\u0432\u0435\u0442\u043e\u0447\u043d\u044b\u0439<\/p>\n<p>\u0412\u0435\u0440\u0445\u043d\u0438\u0435 \u043d\u043e\u0442\u044b: \u044f\u0431\u043b\u043e\u043a\u043e \u00ab\u041a\u0440\u0430\u0441\u043d\u044b\u0439 \u0431\u0430\u0440\u0445\u0430\u0442\u00bb, \u043f\u0435\u0440\u0441\u0438\u043a\u043e\u0432\u044b\u0439 \u043d\u0435\u043a\u0442\u0430\u0440, \u0437\u0430\u0441\u0430\u0445\u0430\u0440\u0435\u043d\u043d\u044b\u0439 \u043b\u0438\u043c\u043e\u043d<\/p>\n<p>\u041d\u043e\u0442\u044b \u0441\u0435\u0440\u0434\u0446\u0430: \u0437\u043e\u043b\u043e\u0442\u0438\u0441\u0442\u044b\u0439 \u0446\u0432\u0435\u0442 \u0432\u0438\u0448\u043d\u0438, \u0431\u0435\u043b\u044b\u0439 \u0436\u0430\u0441\u043c\u0438\u043d, \u0446\u0432\u0435\u0442\u043e\u043a \u0442\u0430\u043c\u0430\u0440\u0438\u043d\u0434\u0430<\/p>\n<p>\u0411\u0430\u0437\u043e\u0432\u044b\u0435 \u043d\u043e\u0442\u044b: \u043c\u0430\u043b\u0438\u043d\u043e\u0432\u044b\u0439 \u043a\u0440\u0435\u043c, \u0432\u0430\u043d\u0438\u043b\u044c\u043d\u043e\u0435 \u0434\u0435\u0440\u0435\u0432\u043e, \u0430\u0431\u0440\u0438\u043a\u043e\u0441\u043e\u0432\u044b\u0439 \u043c\u0443\u0441\u043a\u0443\u0441<\/p>\n<\/details>\n","protected":false},"featured_media":27302,"template":"","meta":{"jetpack_publicize_message":"","jetpack_publicize_feature_enabled":true,"jetpack_social_post_already_shared":true,"jetpack_social_options":{"image_generator_settings":{"template":"highway","default_image_id":0,"font":"","enabled":false},"version":2}},"product_brand":[],"product_cat":[910,927,341],"product_tag":[],"class_list":{"0":"post-27294","1":"product","2":"type-product","3":"status-publish","4":"has-post-thumbnail","6":"product_cat-kehaspreid","7":"product_cat-victorias-secret-body-mists","8":"product_cat-victorias-secret","9":"pa_suurus-10-ml-tester","10":"pa_suurus-2-ml-tester","11":"pa_suurus-250-ml-full-size","12":"pa_suurus-30-ml-tester","14":"first","15":"instock","16":"sale","17":"shipping-taxable","18":"purchasable","19":"product-type-simple"},"jetpack_publicize_connections":[],"jetpack_sharing_enabled":true,"jetpack_likes_enabled":true,"_links":{"self":[{"href":"https:\/\/superstore.ee\/index.php\/wp-json\/wp\/v2\/product\/27294","targetHints":{"allow":["GET"]}}],"collection":[{"href":"https:\/\/superstore.ee\/index.php\/wp-json\/wp\/v2\/product"}],"about":[{"href":"https:\/\/superstore.ee\/index.php\/wp-json\/wp\/v2\/types\/product"}],"wp:featuredmedia":[{"embeddable":true,"href":"https:\/\/superstore.ee\/index.php\/wp-json\/wp\/v2\/media\/27302"}],"wp:attachment":[{"href":"https:\/\/superstore.ee\/index.php\/wp-json\/wp\/v2\/media?parent=27294"}],"wp:term":[{"taxonomy":"product_brand","embeddable":true,"href":"https:\/\/superstore.ee\/index.php\/wp-json\/wp\/v2\/product_brand?post=27294"},{"taxonomy":"product_cat","embeddable":true,"href":"https:\/\/superstore.ee\/index.php\/wp-json\/wp\/v2\/product_cat?post=27294"},{"taxonomy":"product_tag","embeddable":true,"href":"https:\/\/superstore.ee\/index.php\/wp-json\/wp\/v2\/product_tag?post=27294"}],"curies":[{"name":"wp","href":"https:\/\/api.w.org\/{rel}","templated":true}]}}