{"id":27433,"date":"2026-05-12T14:02:26","date_gmt":"2026-05-12T11:02:26","guid":{"rendered":"https:\/\/superstore.ee\/?post_type=product&#038;p=27433"},"modified":"2026-05-12T14:37:02","modified_gmt":"2026-05-12T11:37:02","slug":"victorias-secret-ultimate-12-piece-discovery-gift-set","status":"publish","type":"product","link":"https:\/\/superstore.ee\/index.php\/toode\/victorias-secret-ultimate-12-piece-discovery-gift-set\/","title":{"rendered":"Victoria\u2019s Secret Ultimate 12-Piece Discovery Gift Set"},"content":{"rendered":"","protected":false},"excerpt":{"rendered":"<p>Victoria\u2019s Secret Ultimate 12-osaline avastuskomplekt<\/p>\n<p>12 p\u00e4eva t\u00e4is lummavaid l\u00f5hnu. Alusta p\u00f5nevat l\u00f5hnar\u00e4nnakut. See <strong>12-osaline kehaspreide<\/strong> komplekt pakub sobiva aroomi igaks s\u00fcndmuseks, sisaldades ka <strong>nelja<\/strong> <strong>ikoonilist<\/strong> <strong>arhiivil\u00f5hna<\/strong>, mis toovad tagasi armastatud klassikud.<\/p>\n<p>Komplekti kuuluvad (75 ml):<\/p>\n<p>Velvet Petals, Strawberries &amp; Champagne (arhiiv), Pure Seduction, Mango Temptation (arhiiv), Amber Romance, Coconut Passion, Bare Vanilla, Vanilla Lace (arhiiv), Pear Glac\u00e9 (arhiiv), Aqua Kiss, Midnight Bloom ja Love Spell.<\/p>\n<p>Detailid: Ideaalne kingitus t\u00f5elisele f\u00e4nnile, et avastada Victoria\u2019s Secreti parimaid l\u00f5hnakombinatsioone.<\/p>\n<details>\n<summary>Details<\/summary>\n<div translate=\"no\">\n<p>Victoria\u2019s Secret Ultimate 12-Piece Discovery Gift Set ft. 4 Archive Scents Gift Set 12 days of mist. Embark on a scent discovery journey this holiday season. This twelve-piece mini fragrance set features a mist for every festivity.Includes:<\/p>\n<p>Velvet Petals Fragrance Mist<\/p>\n<p>Strawberries &amp; Champagne Fragrance Mist<\/p>\n<p>Pure Seduction Mist<\/p>\n<p>Mango Temptation Fragrance Mist<\/p>\n<p>Amber Romance Fragrance Mist<\/p>\n<p>Coconut Passion Fragrance Mist<\/p>\n<p>Bare Vanilla Fragrance Mist<\/p>\n<p>Vanilla Lace Fragrance Mist<\/p>\n<p>Pear Glac\u00e9 Fragrance Mist<\/p>\n<p>Aqua Kiss Fragrance Mist<\/p>\n<p>Midnight Bloom Fragrance Mist<\/p>\n<p>Love Spell Fragrance Mist<\/p>\n<p>Details:<\/p>\n<p>75 ml\/2.5 fl oz. each<\/p>\n<p>Domestic<\/p>\n<\/div>\n<p>\u041f\u043e\u0434\u0430\u0440\u043e\u0447\u043d\u044b\u0439 \u043d\u0430\u0431\u043e\u0440 Victoria\u2019s Secret Ultimate Discovery \u0438\u0437 12 \u043c\u0438\u0441\u0442\u043e\u0432<\/p>\n<p>12 \u0434\u043d\u0435\u0439 \u0430\u0440\u043e\u043c\u0430\u0442\u043d\u043e\u0433\u043e \u0432\u043e\u043b\u0448\u0435\u0431\u0441\u0442\u0432\u0430. \u041e\u0442\u043f\u0440\u0430\u0432\u044c\u0442\u0435\u0441\u044c \u0432 \u043f\u0443\u0442\u0435\u0448\u0435\u0441\u0442\u0432\u0438\u0435 \u043f\u043e \u043c\u0438\u0440\u0443 \u0430\u0440\u043e\u043c\u0430\u0442\u043e\u0432 \u0432 \u044d\u0442\u043e\u0442 \u043f\u0440\u0430\u0437\u0434\u043d\u0438\u0447\u043d\u044b\u0439 \u0441\u0435\u0437\u043e\u043d. \u0412 \u044d\u0442\u043e\u0442 \u043d\u0430\u0431\u043e\u0440 \u0438\u0437 12 \u043c\u0438\u043d\u0438-\u043c\u0438\u0441\u0442\u043e\u0432 \u0432\u0445\u043e\u0434\u044f\u0442 \u0430\u0440\u043e\u043c\u0430\u0442\u044b \u0434\u043b\u044f \u043b\u044e\u0431\u043e\u0433\u043e \u0441\u043b\u0443\u0447\u0430\u044f, \u0432\u043a\u043b\u044e\u0447\u0430\u044f 4 \u043b\u0435\u0433\u0435\u043d\u0434\u0430\u0440\u043d\u044b\u0445 \u0430\u0440\u0445\u0438\u0432\u043d\u044b\u0445 \u0437\u0430\u043f\u0430\u0445\u0430, \u043a\u043e\u0442\u043e\u0440\u044b\u0435 \u0432\u043e\u0437\u0432\u0440\u0430\u0449\u0430\u044e\u0442 \u043b\u044e\u0431\u0438\u043c\u0443\u044e \u043a\u043b\u0430\u0441\u0441\u0438\u043a\u0443.<\/p>\n<p>\u0412 \u043d\u0430\u0431\u043e\u0440\u0435 \u043c\u0438\u0441\u0442\u044b \u043f\u043e 75 \u043c\u043b<\/p>\n<p>\u0418\u0434\u0435\u0430\u043b\u044c\u043d\u044b\u0439 \u0441\u043f\u043e\u0441\u043e\u0431 \u043d\u0430\u0439\u0442\u0438 \u0441\u0432\u043e\u0439 \u043d\u043e\u0432\u044b\u0439 \u043b\u044e\u0431\u0438\u043c\u044b\u0439 \u0430\u0440\u043e\u043c\u0430\u0442 \u0438\u043b\u0438 \u0441\u0434\u0435\u043b\u0430\u0442\u044c \u0440\u043e\u0441\u043a\u043e\u0448\u043d\u044b\u0439 \u043f\u043e\u0434\u0430\u0440\u043e\u043a, \u0432 \u043a\u043e\u0442\u043e\u0440\u043e\u043c \u0441\u043e\u0431\u0440\u0430\u043d\u044b \u0432\u0441\u0435 \u0431\u0435\u0441\u0442\u0441\u0435\u043b\u043b\u0435\u0440\u044b \u0431\u0440\u0435\u043d\u0434\u0430.<\/p>\n<\/details>\n","protected":false},"featured_media":27437,"template":"","meta":{"jetpack_publicize_message":"","jetpack_publicize_feature_enabled":true,"jetpack_social_post_already_shared":true,"jetpack_social_options":{"image_generator_settings":{"template":"highway","default_image_id":0,"font":"","enabled":false},"version":2}},"product_brand":[],"product_cat":[910,927,830,342,341],"product_tag":[],"class_list":{"0":"post-27433","1":"product","2":"type-product","3":"status-publish","4":"has-post-thumbnail","6":"product_cat-kehaspreid","7":"product_cat-victorias-secret-body-mists","8":"product_cat-kingitused","9":"product_cat-komplektid-victorias-secret","10":"product_cat-victorias-secret","11":"pa_lohn-velvet-petals","13":"first","14":"instock","15":"sale","16":"shipping-taxable","17":"purchasable","18":"product-type-simple"},"jetpack_publicize_connections":[],"jetpack_sharing_enabled":true,"jetpack_likes_enabled":true,"_links":{"self":[{"href":"https:\/\/superstore.ee\/index.php\/wp-json\/wp\/v2\/product\/27433","targetHints":{"allow":["GET"]}}],"collection":[{"href":"https:\/\/superstore.ee\/index.php\/wp-json\/wp\/v2\/product"}],"about":[{"href":"https:\/\/superstore.ee\/index.php\/wp-json\/wp\/v2\/types\/product"}],"wp:featuredmedia":[{"embeddable":true,"href":"https:\/\/superstore.ee\/index.php\/wp-json\/wp\/v2\/media\/27437"}],"wp:attachment":[{"href":"https:\/\/superstore.ee\/index.php\/wp-json\/wp\/v2\/media?parent=27433"}],"wp:term":[{"taxonomy":"product_brand","embeddable":true,"href":"https:\/\/superstore.ee\/index.php\/wp-json\/wp\/v2\/product_brand?post=27433"},{"taxonomy":"product_cat","embeddable":true,"href":"https:\/\/superstore.ee\/index.php\/wp-json\/wp\/v2\/product_cat?post=27433"},{"taxonomy":"product_tag","embeddable":true,"href":"https:\/\/superstore.ee\/index.php\/wp-json\/wp\/v2\/product_tag?post=27433"}],"curies":[{"name":"wp","href":"https:\/\/api.w.org\/{rel}","templated":true}]}}