{"id":2746,"date":"2022-03-31T11:32:47","date_gmt":"2022-03-31T09:32:47","guid":{"rendered":"https:\/\/superstore.ee\/?post_type=product&#038;p=2746"},"modified":"2022-06-09T14:15:59","modified_gmt":"2022-06-09T12:15:59","slug":"uus-meeste-calvin-klein-kampsun","status":"publish","type":"product","link":"https:\/\/superstore.ee\/index.php\/toode\/uus-meeste-calvin-klein-kampsun\/","title":{"rendered":"Uus meeste Calvin Klein kampsun"},"content":{"rendered":"","protected":false},"excerpt":{"rendered":"<p><span style=\"font-weight: 400;\">\ud83c\uddea\ud83c\uddea Uus meeste Calvin Klein kampsun<\/span><br \/>\n<span style=\"font-weight: 400;\">Materjal: 100% orgaaniline puuvill<\/span><\/p>\n<p>Rind 104, \u00fcldpikkus \u00f5last 70cm, \u00f5lg 15cm, varruka pikkus \u00f5last 63cm<\/p>\n<p><span style=\"font-weight: 400;\">\ud83c\uddf7\ud83c\uddfa\u041d\u043e\u0432\u0430\u044f \u043c\u0443\u0436\u0441\u043a\u0430\u044f \u043a\u043e\u0444\u0442\u0430 Calvin Klein<\/span><br \/>\n<span style=\"font-weight: 400;\">\u041c\u0430\u0442\u0435\u0440\u0438\u0430\u043b: 100% \u043e\u0440\u0433\u0430\u043d\u0438\u0447\u0435\u0441\u043a\u0438\u0439 \u0445\u043b\u043e\u043f\u043e\u043a<\/span><br \/>\n<span style=\"font-weight: 400;\">\ud83c\uddfa\ud83c\uddf8New men\u2019s Calvin Klein <\/span>long sleeve<br \/>\n<span style=\"font-weight: 400;\">Material: 100% organic cotton<\/span><\/p>\n","protected":false},"featured_media":2743,"template":"","meta":{"jetpack_publicize_message":"","jetpack_publicize_feature_enabled":true,"jetpack_social_post_already_shared":false,"jetpack_social_options":{"image_generator_settings":{"template":"highway","default_image_id":0,"font":"","enabled":false},"version":2}},"product_brand":[],"product_cat":[15],"product_tag":[],"class_list":{"0":"post-2746","1":"product","2":"type-product","3":"status-publish","4":"has-post-thumbnail","6":"product_cat-maaramata","7":"pa_suurus-m","9":"first","10":"outofstock","11":"sale","12":"shipping-taxable","13":"product-type-variable"},"jetpack_publicize_connections":[],"jetpack_sharing_enabled":true,"jetpack_likes_enabled":true,"_links":{"self":[{"href":"https:\/\/superstore.ee\/index.php\/wp-json\/wp\/v2\/product\/2746","targetHints":{"allow":["GET"]}}],"collection":[{"href":"https:\/\/superstore.ee\/index.php\/wp-json\/wp\/v2\/product"}],"about":[{"href":"https:\/\/superstore.ee\/index.php\/wp-json\/wp\/v2\/types\/product"}],"wp:featuredmedia":[{"embeddable":true,"href":"https:\/\/superstore.ee\/index.php\/wp-json\/wp\/v2\/media\/2743"}],"wp:attachment":[{"href":"https:\/\/superstore.ee\/index.php\/wp-json\/wp\/v2\/media?parent=2746"}],"wp:term":[{"taxonomy":"product_brand","embeddable":true,"href":"https:\/\/superstore.ee\/index.php\/wp-json\/wp\/v2\/product_brand?post=2746"},{"taxonomy":"product_cat","embeddable":true,"href":"https:\/\/superstore.ee\/index.php\/wp-json\/wp\/v2\/product_cat?post=2746"},{"taxonomy":"product_tag","embeddable":true,"href":"https:\/\/superstore.ee\/index.php\/wp-json\/wp\/v2\/product_tag?post=2746"}],"curies":[{"name":"wp","href":"https:\/\/api.w.org\/{rel}","templated":true}]}}