{"id":3030,"date":"2022-04-30T14:08:31","date_gmt":"2022-04-30T12:08:31","guid":{"rendered":"https:\/\/superstore.ee\/?post_type=product&#038;p=3030"},"modified":"2022-07-05T09:01:34","modified_gmt":"2022-07-05T07:01:34","slug":"meeste-calvin-klein-t-sark-6","status":"publish","type":"product","link":"https:\/\/superstore.ee\/index.php\/toode\/meeste-calvin-klein-t-sark-6\/","title":{"rendered":"Meeste Calvin Klein t-s\u00e4rk"},"content":{"rendered":"","protected":false},"excerpt":{"rendered":"<p><span style=\"font-weight:400\">\ud83c\uddea\ud83c\uddeaMeeste Calvin Klein t-s\u00e4rk<\/span><br \/>\n<span style=\"font-weight:400\">Suurus: M <\/span>(sobib M-L suurusele)<\/p>\n<p>\ud83c\udf31 <span style=\"font-weight:400\">100% orgaaniline <\/span>puuvill \ud83c\udf31<\/p>\n<p>Rind 102cm, \u00fcldpikkus \u00f5last 71cm, \u00f5lg 15cm, varruka pikkus \u00f5last 21.5cm<\/p>\n<p><span style=\"font-weight:400\">\ud83c\uddf7\ud83c\uddfa\u041c\u0443\u0436\u0441\u043a\u0430\u044f \u0444\u0443\u0442\u0431\u043e\u043b\u043a\u0430 Calvin Klein<\/span><br \/>\n<span style=\"font-weight:400\">\u0420\u0430\u0437\u043c\u0435\u0440: M <\/span>(\u043f\u043e\u0434\u043e\u0439\u0434\u0451\u0442 \u043d\u0430 \u041c-L)<br \/>\n\ud83c\udf31 <span style=\"font-weight:400\">100% \u043e\u0440\u0433\u0430\u043d\u0438\u0447\u0435\u0441\u043a\u0438\u0439 \u0445\u043b\u043e\u043f\u043e\u043a<\/span><\/p>\n<p><span style=\"font-weight:400\">\ud83c\uddfa\ud83c\uddf8Men\u2019s Calvin Klein T-shirt<\/span><br \/>\n<span style=\"font-weight:400\">Sizes: M <\/span>(fits M-L)<br \/>\n\ud83c\udf31<span style=\"font-weight:400\"> 100% organic cotton<\/span><\/p>\n","protected":false},"featured_media":3033,"template":"","meta":{"jetpack_publicize_message":"","jetpack_publicize_feature_enabled":true,"jetpack_social_post_already_shared":false,"jetpack_social_options":{"image_generator_settings":{"template":"highway","default_image_id":0,"font":"","enabled":false},"version":2}},"product_brand":[],"product_cat":[15],"product_tag":[],"class_list":{"0":"post-3030","1":"product","2":"type-product","3":"status-publish","4":"has-post-thumbnail","6":"product_cat-maaramata","7":"pa_suurus-m","9":"first","10":"outofstock","11":"sale","12":"shipping-taxable","13":"product-type-variable"},"jetpack_publicize_connections":[],"jetpack_sharing_enabled":true,"jetpack_likes_enabled":true,"_links":{"self":[{"href":"https:\/\/superstore.ee\/index.php\/wp-json\/wp\/v2\/product\/3030","targetHints":{"allow":["GET"]}}],"collection":[{"href":"https:\/\/superstore.ee\/index.php\/wp-json\/wp\/v2\/product"}],"about":[{"href":"https:\/\/superstore.ee\/index.php\/wp-json\/wp\/v2\/types\/product"}],"wp:featuredmedia":[{"embeddable":true,"href":"https:\/\/superstore.ee\/index.php\/wp-json\/wp\/v2\/media\/3033"}],"wp:attachment":[{"href":"https:\/\/superstore.ee\/index.php\/wp-json\/wp\/v2\/media?parent=3030"}],"wp:term":[{"taxonomy":"product_brand","embeddable":true,"href":"https:\/\/superstore.ee\/index.php\/wp-json\/wp\/v2\/product_brand?post=3030"},{"taxonomy":"product_cat","embeddable":true,"href":"https:\/\/superstore.ee\/index.php\/wp-json\/wp\/v2\/product_cat?post=3030"},{"taxonomy":"product_tag","embeddable":true,"href":"https:\/\/superstore.ee\/index.php\/wp-json\/wp\/v2\/product_tag?post=3030"}],"curies":[{"name":"wp","href":"https:\/\/api.w.org\/{rel}","templated":true}]}}