{"id":3954,"date":"2022-06-12T10:09:36","date_gmt":"2022-06-12T08:09:36","guid":{"rendered":"https:\/\/superstore.ee\/?post_type=product&#038;p=3954"},"modified":"2023-06-25T12:07:18","modified_gmt":"2023-06-25T10:07:18","slug":"naiste-korge-vookohaga-luhikesed-teksapuksid-guess","status":"publish","type":"product","link":"https:\/\/superstore.ee\/index.php\/toode\/naiste-korge-vookohaga-luhikesed-teksapuksid-guess\/","title":{"rendered":"Naiste k\u00f5rge v\u00f6\u00f6kohaga l\u00fchikesed teksap\u00fcksid Guess"},"content":{"rendered":"","protected":false},"excerpt":{"rendered":"<p><span style=\"font-weight:400\">\ud83c\uddea\ud83c\uddea<\/span><span style=\"font-weight:400\">Naiste k\u00f5rge v\u00f6\u00f6kohaga l\u00fchikesed teksap\u00fcksid Guess<\/span><\/p>\n<p>Suurused: 26 (sobib 27 suurusele), 28(sobib 29 suurusele). Materjal venib h\u00e4sti.<\/p>\n<p><span style=\"font-weight:400\">Materjal: 66% puuvill, 29% pol\u00fcester, 3% viskoos, 2% elastaan<\/span><br \/>\n<span style=\"font-weight:400\">\ud83c\uddf7\ud83c\uddfa\u0416\u0435\u043d\u0441\u043a\u0438\u0435 \u0448\u043e\u0440\u0442\u044b Guess \u0441 \u0437\u0430\u0432\u044b\u0448\u0435\u043d\u043d\u043e\u0439 \u0442\u0430\u043b\u0438\u0435\u0439 <\/span><\/p>\n<p><span style=\"font-weight:400\">\u0420\u0430\u0437\u043c\u0435\u0440\u044b: 26 (\u043f\u043e\u0434\u043e\u0439\u0434\u0443\u0442 \u043d\u0430 27 \u0440\u0430\u0437\u043c\u0435\u0440), 28<\/span> (\u043f\u043e\u0434\u043e\u0439\u0434\u0443\u0442 \u043d\u0430 29 \u0440\u0430\u0437\u043c\u0435\u0440)<\/p>\n<p><span style=\"font-weight:400\">\u041c\u0430\u0442\u0435\u0440\u0438\u0430\u043b: 66% \u0445\u043b\u043e\u043f\u043e\u043a, 29% \u043f\u043e\u043b\u0438\u044d\u0441\u0442\u0435\u0440, 3% \u0432\u0438\u0441\u043a\u043e\u0437\u0430, 2% \u044d\u043b\u0430\u0441\u0442\u0430\u043d<\/span><br \/>\n<span style=\"font-weight:400\">\ud83c\uddfa\ud83c\uddf8 Women\u2019s Guess High Waist Shorts <\/span><\/p>\n<p><span style=\"font-weight:400\">Sizes: 26, 28<\/span><\/p>\n<p><span style=\"font-weight:400\">Material: 66% cotton, 29% polyester, 3% viscose, 2% elastane<\/span><\/p>\n","protected":false},"featured_media":4035,"template":"","meta":{"jetpack_publicize_message":"","jetpack_publicize_feature_enabled":true,"jetpack_social_post_already_shared":true,"jetpack_social_options":{"image_generator_settings":{"template":"highway","default_image_id":0,"font":"","enabled":false},"version":2}},"product_brand":[],"product_cat":[15],"product_tag":[],"class_list":{"0":"post-3954","1":"product","2":"type-product","3":"status-publish","4":"has-post-thumbnail","6":"product_cat-maaramata","7":"pa_suurus-113","8":"pa_suurus-64","10":"first","11":"outofstock","12":"sale","13":"shipping-taxable","14":"product-type-variable"},"jetpack_publicize_connections":[],"jetpack_sharing_enabled":true,"jetpack_likes_enabled":true,"_links":{"self":[{"href":"https:\/\/superstore.ee\/index.php\/wp-json\/wp\/v2\/product\/3954","targetHints":{"allow":["GET"]}}],"collection":[{"href":"https:\/\/superstore.ee\/index.php\/wp-json\/wp\/v2\/product"}],"about":[{"href":"https:\/\/superstore.ee\/index.php\/wp-json\/wp\/v2\/types\/product"}],"wp:featuredmedia":[{"embeddable":true,"href":"https:\/\/superstore.ee\/index.php\/wp-json\/wp\/v2\/media\/4035"}],"wp:attachment":[{"href":"https:\/\/superstore.ee\/index.php\/wp-json\/wp\/v2\/media?parent=3954"}],"wp:term":[{"taxonomy":"product_brand","embeddable":true,"href":"https:\/\/superstore.ee\/index.php\/wp-json\/wp\/v2\/product_brand?post=3954"},{"taxonomy":"product_cat","embeddable":true,"href":"https:\/\/superstore.ee\/index.php\/wp-json\/wp\/v2\/product_cat?post=3954"},{"taxonomy":"product_tag","embeddable":true,"href":"https:\/\/superstore.ee\/index.php\/wp-json\/wp\/v2\/product_tag?post=3954"}],"curies":[{"name":"wp","href":"https:\/\/api.w.org\/{rel}","templated":true}]}}