{"id":5955,"date":"2022-08-27T15:56:12","date_gmt":"2022-08-27T13:56:12","guid":{"rendered":"https:\/\/superstore.ee\/?post_type=product&#038;p=5955"},"modified":"2022-09-10T17:29:47","modified_gmt":"2022-09-10T15:29:47","slug":"naiste-calvin-klein-kerge-jope-fliisvooder-3","status":"publish","type":"product","link":"https:\/\/superstore.ee\/index.php\/toode\/naiste-calvin-klein-kerge-jope-fliisvooder-3\/","title":{"rendered":"Naiste Calvin Klein kerge jope (fliisvooder)"},"content":{"rendered":"","protected":false},"excerpt":{"rendered":"<p><span style=\"font-weight:400\">\ud83c\uddea\ud83c\uddea Naiste <\/span><span style=\"font-weight:400\">Calvin Klein<\/span><span style=\"font-weight:400\"> kerge jope <\/span><br \/>\n<span style=\"font-weight:400\">Materjal: 100% poliester <\/span>(fliisvooder)<br \/>\n<span style=\"font-weight:400\">V\u00e4rvid: lilla<\/span><br \/>\nS\/M: rind 104cm, v\u00f6\u00f6 96cm, \u00fcldpikkus \u00f5last 67cm<br \/>\nM\/L: rind 109cm, v\u00f6\u00f6 103cm, \u00fcldpikkus \u00f5last 67cm<br \/>\nL\/XL: rind 117cm, v\u00f6\u00f6 110cm, \u00fcldpikkus \u00f5last 69cm, \u00f5lg 11cm, varruka pikkus \u00f5last 63cm<\/p>\n<p><span style=\"font-weight:400\">\ud83c\uddf7\ud83c\uddfa \u0416\u0435\u043d\u0441\u043a\u0430\u044f \u0432\u0435\u0442\u0440\u043e\u0432\u043a\u0430 <\/span><span style=\"font-weight:400\">Calvin Klein<\/span><br \/>\n<span style=\"font-weight:400\">\u041c\u0430\u0442\u0435\u0440\u0438\u0430\u043b: 100% \u043f\u043e\u043b\u0438\u044d\u0441\u0442\u0435\u0440 <\/span>(\u0444\u043b\u0438\u0441\u043e\u0432\u0430\u044f \u043f\u043e\u0434\u043a\u043b\u0430\u0434\u043a\u0430)<br \/>\n<span style=\"font-weight:400\">\u0426\u0432\u0435\u0442\u0430: \u0444\u0438\u043e\u043b\u0435\u0442\u043e\u0432\u044b\u0439<\/span><\/p>\n<p><span style=\"font-weight:400\">\ud83c\uddfa\ud83c\uddf8 Women\u2019s <\/span><span style=\"font-weight:400\">Calvin Klein<\/span><span style=\"font-weight:400\"> windbreaker<\/span><br \/>\n<span style=\"font-weight:400\">Material: 100% polyester <\/span>(fleece lining)<br \/>\n<span style=\"font-weight:400\">Colors: purple<\/span><\/p>\n","protected":false},"featured_media":4639,"template":"","meta":{"jetpack_publicize_message":"","jetpack_publicize_feature_enabled":true,"jetpack_social_post_already_shared":false,"jetpack_social_options":{"image_generator_settings":{"template":"highway","default_image_id":0,"font":"","enabled":false},"version":2}},"product_brand":[],"product_cat":[15],"product_tag":[],"class_list":{"0":"post-5955","1":"product","2":"type-product","3":"status-publish","4":"has-post-thumbnail","6":"product_cat-maaramata","7":"pa_suurus-l-sobib-xl-suurusele","8":"pa_suurus-m-sobib-l-suurusele","9":"pa_suurus-s-sobib-m-suurusele","10":"pa_suurus-xs-sobib-s-suurusele-2","12":"first","13":"outofstock","14":"shipping-taxable","15":"product-type-variable"},"jetpack_publicize_connections":[],"jetpack_sharing_enabled":true,"jetpack_likes_enabled":true,"_links":{"self":[{"href":"https:\/\/superstore.ee\/index.php\/wp-json\/wp\/v2\/product\/5955","targetHints":{"allow":["GET"]}}],"collection":[{"href":"https:\/\/superstore.ee\/index.php\/wp-json\/wp\/v2\/product"}],"about":[{"href":"https:\/\/superstore.ee\/index.php\/wp-json\/wp\/v2\/types\/product"}],"wp:featuredmedia":[{"embeddable":true,"href":"https:\/\/superstore.ee\/index.php\/wp-json\/wp\/v2\/media\/4639"}],"wp:attachment":[{"href":"https:\/\/superstore.ee\/index.php\/wp-json\/wp\/v2\/media?parent=5955"}],"wp:term":[{"taxonomy":"product_brand","embeddable":true,"href":"https:\/\/superstore.ee\/index.php\/wp-json\/wp\/v2\/product_brand?post=5955"},{"taxonomy":"product_cat","embeddable":true,"href":"https:\/\/superstore.ee\/index.php\/wp-json\/wp\/v2\/product_cat?post=5955"},{"taxonomy":"product_tag","embeddable":true,"href":"https:\/\/superstore.ee\/index.php\/wp-json\/wp\/v2\/product_tag?post=5955"}],"curies":[{"name":"wp","href":"https:\/\/api.w.org\/{rel}","templated":true}]}}