{"id":7547,"date":"2023-01-28T15:08:46","date_gmt":"2023-01-28T13:08:46","guid":{"rendered":"https:\/\/superstore.ee\/?post_type=product&#038;p=7547"},"modified":"2023-04-09T13:37:07","modified_gmt":"2023-04-09T11:37:07","slug":"victorias-secret-naiste-deodorant-natural-cucumber-green-tea","status":"publish","type":"product","link":"https:\/\/superstore.ee\/index.php\/toode\/victorias-secret-naiste-deodorant-natural-cucumber-green-tea\/","title":{"rendered":"Victoria\u2019s Secret naiste deodorant Natural Cucumber &#038; Green Tea"},"content":{"rendered":"","protected":false},"excerpt":{"rendered":"<p><span style=\"font-weight: 400;\">\ud83c\uddea\ud83c\uddea Victoria\u2019s Secret naiste deodorant Natural Cucumber &amp; Green Tea<\/span><\/p>\n<p><span style=\"font-weight: 400;\">L\u00f5hnastiil: v\u00e4rske (kurk ja roheline tee)<\/span><\/p>\n<p><span style=\"font-weight: 400;\">\u00d5rn deodorant greibiseemne ekstraktiga tagab sujuva 24-tunnise l\u00f5hnakaitse. See alumiiniumivaba toode v\u00f5imaldab teie kehal l\u00e4bi viia loomulikku higistamisprotsessi (70g)<\/span><\/p>\n<p><span style=\"font-weight: 400;\">\ud83c\uddf7\ud83c\uddfa\u0416\u0435\u043d\u0441\u043a\u0438\u0439 \u0434\u0435\u0437\u043e\u0434\u043e\u0440\u0430\u043d\u0442 Victoria&#8217;s Secret Natural Cucumber &amp; Green Tea<\/span><\/p>\n<p><span style=\"font-weight: 400;\">\u0421\u0442\u0438\u043b\u044c \u0430\u0440\u043e\u043c\u0430\u0442\u0430: \u0441\u0432\u0435\u0436\u0438\u0439 (\u043e\u0433\u0443\u0440\u0435\u0446 \u0438 \u0437\u0435\u043b\u0435\u043d\u044b\u0439 \u0447\u0430\u0439)<\/span><\/p>\n<p><span style=\"font-weight: 400;\">\u041d\u0435\u0436\u043d\u044b\u0439 \u0434\u0435\u0437\u043e\u0434\u043e\u0440\u0430\u043d\u0442 \u0441 \u044d\u043a\u0441\u0442\u0440\u0430\u043a\u0442\u043e\u043c \u0441\u0435\u043c\u044f\u043d \u0433\u0440\u0435\u0439\u043f\u0444\u0440\u0443\u0442\u0430 \u043e\u0431\u0435\u0441\u043f\u0435\u0447\u0438\u0432\u0430\u0435\u0442 \u0433\u043b\u0430\u0434\u043a\u0443\u044e \u0437\u0430\u0449\u0438\u0442\u0443 \u043e\u0442 \u0437\u0430\u043f\u0430\u0445\u0430 \u043d\u0430 24 \u0447\u0430\u0441\u0430. \u042d\u0442\u043e\u0442 \u043f\u0440\u043e\u0434\u0443\u043a\u0442, \u0431\u0435\u0437 \u0430\u043b\u044e\u043c\u0438\u043d\u0438\u044f, \u043f\u043e\u0437\u0432\u043e\u043b\u044f\u0435\u0442 \u0432\u0430\u0448\u0435\u043c\u0443 \u0442\u0435\u043b\u0443 \u0432\u044b\u043f\u043e\u043b\u043d\u044f\u0442\u044c \u0435\u0441\u0442\u0435\u0441\u0442\u0432\u0435\u043d\u043d\u044b\u0439 \u043f\u0440\u043e\u0446\u0435\u0441\u0441 \u043f\u043e\u0442\u043e\u043e\u0442\u0434\u0435\u043b\u0435\u043d\u0438\u044f. (70g)<\/span><\/p>\n<p><span style=\"font-weight: 400;\">\ud83c\uddfa\ud83c\uddf8Victoria&#8217;s Secret Women&#8217;s Natural Deodorant Cucumber &amp; Green Tea<\/span><\/p>\n<p><span style=\"font-weight: 400;\">Fragrance Style: Fresh Watery<\/span><\/p>\n<p><span style=\"font-weight: 400;\">Gentle deodorant with Grapefruit Seed Extract glides on for smooth, 24-hour odor protection. Formulated without aluminum, this product allows your body to perform its natural process of perspiration <\/span><span style=\"font-weight: 400;\">(70g)<\/span><\/p>\n","protected":false},"featured_media":7548,"template":"","meta":{"jetpack_publicize_message":"","jetpack_publicize_feature_enabled":true,"jetpack_social_post_already_shared":false,"jetpack_social_options":{"image_generator_settings":{"template":"highway","default_image_id":0,"font":"","enabled":false},"version":2}},"product_brand":[],"product_cat":[341],"product_tag":[],"class_list":{"0":"post-7547","1":"product","2":"type-product","3":"status-publish","4":"has-post-thumbnail","6":"product_cat-victorias-secret","8":"first","9":"outofstock","10":"sale","11":"shipping-taxable","12":"purchasable","13":"product-type-simple"},"jetpack_publicize_connections":[],"jetpack_sharing_enabled":true,"jetpack_likes_enabled":true,"_links":{"self":[{"href":"https:\/\/superstore.ee\/index.php\/wp-json\/wp\/v2\/product\/7547","targetHints":{"allow":["GET"]}}],"collection":[{"href":"https:\/\/superstore.ee\/index.php\/wp-json\/wp\/v2\/product"}],"about":[{"href":"https:\/\/superstore.ee\/index.php\/wp-json\/wp\/v2\/types\/product"}],"wp:featuredmedia":[{"embeddable":true,"href":"https:\/\/superstore.ee\/index.php\/wp-json\/wp\/v2\/media\/7548"}],"wp:attachment":[{"href":"https:\/\/superstore.ee\/index.php\/wp-json\/wp\/v2\/media?parent=7547"}],"wp:term":[{"taxonomy":"product_brand","embeddable":true,"href":"https:\/\/superstore.ee\/index.php\/wp-json\/wp\/v2\/product_brand?post=7547"},{"taxonomy":"product_cat","embeddable":true,"href":"https:\/\/superstore.ee\/index.php\/wp-json\/wp\/v2\/product_cat?post=7547"},{"taxonomy":"product_tag","embeddable":true,"href":"https:\/\/superstore.ee\/index.php\/wp-json\/wp\/v2\/product_tag?post=7547"}],"curies":[{"name":"wp","href":"https:\/\/api.w.org\/{rel}","templated":true}]}}