{"id":7927,"date":"2023-02-08T18:55:41","date_gmt":"2023-02-08T16:55:41","guid":{"rendered":"https:\/\/superstore.ee\/?post_type=product&#038;p=7927"},"modified":"2023-04-09T13:36:32","modified_gmt":"2023-04-09T11:36:32","slug":"victorias-secret-kehasprei-250ml-bombshell-magic","status":"publish","type":"product","link":"https:\/\/superstore.ee\/index.php\/toode\/victorias-secret-kehasprei-250ml-bombshell-magic\/","title":{"rendered":"Victoria\u2019s Secret Kehasprei (250ml) Bombshell Magic"},"content":{"rendered":"","protected":false},"excerpt":{"rendered":"<p><span style=\"font-weight: 400;\">\ud83c\uddea\ud83c\uddeaVictoria\u2019s Secret Kehasprei (250ml) Bombshell Magic<\/span><\/p>\n<p><span style=\"font-weight: 400;\">T\u00fc\u00fcp: lilleline, puuviljane, Noodid: p<\/span>\u00f5ldmarja eliksiir, s\u00e4rav pojeng, vanilje, pat\u0161uli<\/p>\n<p>N\u00e4pun\u00e4ide: kandke sobivat Bombshell Lotioni kauakestva l\u00f5hna saavutamiseks.<\/p>\n<p><strong>NB! Kosmeetika ostmisel palun valige tarneviisiks Smartpost!<\/strong><\/p>\n<p>&nbsp;<\/p>\n<p><span style=\"font-weight: 400;\">\ud83c\uddf7\ud83c\uddfa Victoria\u2019s Secret \u0421\u043f\u0440\u0435\u0439 \u0434\u043b\u044f \u0442\u0435\u043b\u0430 (250ml ) Bombshell Magic<\/span><\/p>\n<p>\u0422\u0438\u043f \u0430\u0440\u043e\u043c\u0430\u0442\u0430: \u0446\u0432\u0435\u0442\u043e\u0447\u043d\u043e-\u0444\u0440\u0443\u043a\u0442\u043e\u0432\u044b\u0439 \u041d\u043e\u0442\u044b: \u0435\u0436\u0435\u0432\u0438\u0447\u043d\u044b\u0439 \u044d\u043b\u0438\u043a\u0441\u0438\u0440, \u0441\u0432\u0435\u0440\u043a\u0430\u044e\u0449\u0438\u0439 \u043f\u0438\u043e\u043d, \u0432\u0430\u043d\u0438\u043b\u044c, \u043f\u0430\u0447\u0443\u043b\u0438.<\/p>\n<p>\u0421\u043e\u0432\u0435\u0442: \u0434\u043b\u044f \u0441\u0442\u043e\u0439\u043a\u043e\u0441\u0442\u0438 \u0430\u0440\u043e\u043c\u0430\u0442\u0430 \u043d\u0430\u043d\u0435\u0441\u0438\u0442\u0435 \u0441\u043e\u043e\u0442\u0432\u0435\u0442\u0441\u0442\u0432\u0443\u044e\u0449\u0438\u0439 \u043b\u043e\u0441\u044c\u043e\u043d Bombshell.<\/p>\n<p><strong>NB! \u041f\u0440\u0438 \u043f\u043e\u043a\u0443\u043f\u043a\u0435 \u043a\u043e\u0441\u043c\u0435\u0442\u0438\u043a\u0438 \u0432\u044b\u0431\u0435\u0440\u0438\u0442\u0435 \u043f\u043e\u0436\u0430\u043b\u0443\u0439\u0441\u0442\u0430 Smartpost \u0434\u043e\u0441\u0442\u0430\u0432\u043a\u0443!<\/strong><\/p>\n<p>&nbsp;<\/p>\n<p><span style=\"font-weight: 400;\">\ud83c\uddfa\ud83c\uddf8 Victoria\u2019s Secret Bombshell Magic Fragrance Mist (250ml)<\/span><\/p>\n<p>Fragrance type: Floral Fruity Chypre<br \/>\nNotes: blackberry elixir, sparkling star peony, vanilla patchouli<\/p>\n<p>Tip: For a long-lasting fragrance experience, layer with matching Fine Fragrance Lotion.<\/p>\n<p><strong>NB! When buying cosmetics, please choose a Smartpost delivery.<\/strong><\/p>\n","protected":false},"featured_media":7930,"template":"","meta":{"jetpack_publicize_message":"","jetpack_publicize_feature_enabled":true,"jetpack_social_post_already_shared":false,"jetpack_social_options":{"image_generator_settings":{"template":"highway","default_image_id":0,"font":"","enabled":false},"version":2}},"product_brand":[],"product_cat":[341],"product_tag":[],"class_list":{"0":"post-7927","1":"product","2":"type-product","3":"status-publish","4":"has-post-thumbnail","6":"product_cat-victorias-secret","7":"pa_lohn-flower-sorbet","8":"pa_lohn-sparkling-creme","10":"first","11":"outofstock","12":"sale","13":"shipping-taxable","14":"purchasable","15":"product-type-simple"},"jetpack_publicize_connections":[],"jetpack_sharing_enabled":true,"jetpack_likes_enabled":true,"_links":{"self":[{"href":"https:\/\/superstore.ee\/index.php\/wp-json\/wp\/v2\/product\/7927","targetHints":{"allow":["GET"]}}],"collection":[{"href":"https:\/\/superstore.ee\/index.php\/wp-json\/wp\/v2\/product"}],"about":[{"href":"https:\/\/superstore.ee\/index.php\/wp-json\/wp\/v2\/types\/product"}],"wp:featuredmedia":[{"embeddable":true,"href":"https:\/\/superstore.ee\/index.php\/wp-json\/wp\/v2\/media\/7930"}],"wp:attachment":[{"href":"https:\/\/superstore.ee\/index.php\/wp-json\/wp\/v2\/media?parent=7927"}],"wp:term":[{"taxonomy":"product_brand","embeddable":true,"href":"https:\/\/superstore.ee\/index.php\/wp-json\/wp\/v2\/product_brand?post=7927"},{"taxonomy":"product_cat","embeddable":true,"href":"https:\/\/superstore.ee\/index.php\/wp-json\/wp\/v2\/product_cat?post=7927"},{"taxonomy":"product_tag","embeddable":true,"href":"https:\/\/superstore.ee\/index.php\/wp-json\/wp\/v2\/product_tag?post=7927"}],"curies":[{"name":"wp","href":"https:\/\/api.w.org\/{rel}","templated":true}]}}