{"id":8138,"date":"2023-02-12T15:19:28","date_gmt":"2023-02-12T13:19:28","guid":{"rendered":"https:\/\/superstore.ee\/?post_type=product&#038;p=8138"},"modified":"2024-07-14T20:57:14","modified_gmt":"2024-07-14T18:57:14","slug":"naiste-tommy-hilfiger-soe-jope-talv-kevad","status":"publish","type":"product","link":"https:\/\/superstore.ee\/index.php\/toode\/naiste-tommy-hilfiger-soe-jope-talv-kevad\/","title":{"rendered":"Naiste Tommy Hilfiger soe jope XS-S"},"content":{"rendered":"","protected":false},"excerpt":{"rendered":"<p>\ud83c\uddea\ud83c\uddea Uus naiste Tommy Hilfiger soe jope<br \/>\nSuurus: 14-16a (sobib tavalasile XS-S suurusele)<br \/>\nRind: 96cm, \u00fcldpikkus \u00f5last 71cm, v\u00f6\u00f6 82cm, varruka pikkus+\u00f5lg 68cm<br \/>\nV\u00e4rv: roosa<\/p>\n<p>\ud83c\uddf7\ud83c\uddfa \u041d\u043e\u0432\u0430\u044f \u0436\u0435\u043d\u0441\u043a\u0430\u044f \u0442\u0435\u043f\u043b\u0430\u044f \u043a\u0443\u0440\u0442\u043a\u0430 Tommy Hilfiger (\u043d\u0430 \u0437\u0438\u043c\u0443)<br \/>\n\u0420\u0430\u0437\u043c\u0435\u0440: 14-16 (\u043f\u043e\u0434\u0445\u043e\u0434\u0438\u0442 \u043d\u0430 \u043e\u0431\u044b\u0447\u043d\u044b\u0439 XS-S \u0440\u0430\u0437\u043c\u0435\u0440)<br \/>\n\u0413\u0440\u0443\u0434\u044c: 96 \u0441\u043c, \u043e\u0431\u0449\u0430\u044f \u0434\u043b\u0438\u043d\u0430 \u043e\u0442 \u043f\u043b\u0435\u0447\u0430 71 \u0441\u043c, \u0442\u0430\u043b\u0438\u044f 82 \u0441\u043c, \u0434\u043b\u0438\u043d\u0430 \u0440\u0443\u043a\u0430\u0432\u0430 + \u043f\u043b\u0435\u0447\u043e 68 \u0441\u043c.<br \/>\n\u0426\u0432\u0435\u0442: \u0440\u043e\u0437\u043e\u0432\u044b\u0439<\/p>\n<p>\ud83c\uddfa\ud83c\uddf8 Women\u2019s Tommy Hilfiger jacket (winter)<br \/>\nSize: 14-16 (fits regular\u00a0 XS-S size)<br \/>\nChest: 96cm, total length from shoulder 71cm, waist 82cm, sleeve length + shoulder 68cm<br \/>\nColor: pink<\/p>\n","protected":false},"featured_media":14538,"template":"","meta":{"jetpack_publicize_message":"","jetpack_publicize_feature_enabled":true,"jetpack_social_post_already_shared":false,"jetpack_social_options":{"image_generator_settings":{"template":"highway","default_image_id":0,"font":"","enabled":false},"version":2}},"product_brand":[],"product_cat":[631],"product_tag":[],"class_list":{"0":"post-8138","1":"product","2":"type-product","3":"status-publish","4":"has-post-thumbnail","6":"product_cat-sale","8":"first","9":"outofstock","10":"shipping-taxable","11":"purchasable","12":"product-type-simple"},"jetpack_publicize_connections":[],"jetpack_sharing_enabled":true,"jetpack_likes_enabled":true,"_links":{"self":[{"href":"https:\/\/superstore.ee\/index.php\/wp-json\/wp\/v2\/product\/8138","targetHints":{"allow":["GET"]}}],"collection":[{"href":"https:\/\/superstore.ee\/index.php\/wp-json\/wp\/v2\/product"}],"about":[{"href":"https:\/\/superstore.ee\/index.php\/wp-json\/wp\/v2\/types\/product"}],"wp:featuredmedia":[{"embeddable":true,"href":"https:\/\/superstore.ee\/index.php\/wp-json\/wp\/v2\/media\/14538"}],"wp:attachment":[{"href":"https:\/\/superstore.ee\/index.php\/wp-json\/wp\/v2\/media?parent=8138"}],"wp:term":[{"taxonomy":"product_brand","embeddable":true,"href":"https:\/\/superstore.ee\/index.php\/wp-json\/wp\/v2\/product_brand?post=8138"},{"taxonomy":"product_cat","embeddable":true,"href":"https:\/\/superstore.ee\/index.php\/wp-json\/wp\/v2\/product_cat?post=8138"},{"taxonomy":"product_tag","embeddable":true,"href":"https:\/\/superstore.ee\/index.php\/wp-json\/wp\/v2\/product_tag?post=8138"}],"curies":[{"name":"wp","href":"https:\/\/api.w.org\/{rel}","templated":true}]}}