{"id":8713,"date":"2023-03-16T15:16:39","date_gmt":"2023-03-16T13:16:39","guid":{"rendered":"https:\/\/superstore.ee\/?post_type=product&#038;p=8713"},"modified":"2023-11-17T17:41:48","modified_gmt":"2023-11-17T15:41:48","slug":"victorias-secret-pink-kehasprei-eeterlike-olidega-moodscentz-250ml-2","status":"publish","type":"product","link":"https:\/\/superstore.ee\/index.php\/toode\/victorias-secret-pink-kehasprei-eeterlike-olidega-moodscentz-250ml-2\/","title":{"rendered":"Victoria\u2019s Secret PINK kehasprei eeterlike \u00f5lidega Moodscentz\u2122 (250ml)"},"content":{"rendered":"","protected":false},"excerpt":{"rendered":"<p><span style=\"font-weight: 400;\">\ud83c\uddea\ud83c\uddeaVictoria\u2019s Secret PINK kehasprei\u00a0eeterlike \u00f5lidega (250ml) Moodscentz\u2122 Mist<\/span><\/p>\n<p>See kollektsioon on <span style=\"font-weight: 400;\">eeterlike \u00f5lidega. Aroom t\u00f5stab tuju, annab j\u00f5udu ja enesekindlust.<\/span><\/p>\n<ul>\n<li><strong>Happy<\/strong> \u2022 T\u00fc\u00fcp: V\u00e4rske, magus \u2022 Stiil: \u00d5nnelik \u2022 Sidruni\u00f5li, maikelluke. Ergutav aroom, mis toob \u00f5ndsust ja rahulolutunnet.<\/li>\n<li><strong>Invigorating<\/strong> \u2022 T\u00fc\u00fcp: V\u00e4rske \u2022 Stiil: Virgutav \u2022 Apelsini ja eukal\u00fcpti\u00f5li. Taastab energiat ja motiveerib.<\/li>\n<li><strong>Relaxing<\/strong> \u2022T\u00fc\u00fcp: Magus \u2022 Stiil: L\u00f5\u00f5gastav \u2022 Lavendli\u00f5li, Vanill \u2022 Rahustab keha ning toob rahu ja rahulikkust.<\/li>\n<\/ul>\n<p><strong>NB! Kosmeetika ostmisel palun valige tarneviisiks Smartpost!<\/strong><\/p>\n<p><span style=\"font-weight: 400;\">\ud83c\uddf7\ud83c\uddfa Victoria\u2019s Secret PINK \u0441\u043f\u0440\u0435\u0439 \u0434\u043b\u044f \u0442\u0435\u043b\u0430 \u0441 \u044d\u0444\u0438\u0440\u043d\u044b\u043c\u0438 \u043c\u0430\u0441\u043b\u0430\u043c\u0438 (250ml) <\/span>\u042d\u0442\u0430 \u043a\u043e\u043b\u043b\u0435\u043a\u0446\u0438\u044f \u0441\u043f\u0440\u0435\u0435\u0432 \u043f\u043e\u0434\u043d\u0438\u043c\u0430\u0435\u0442 \u043d\u0430\u0441\u0442\u0440\u043e\u0435\u043d\u0438\u0435, \u043f\u0440\u0438\u0434\u0430\u0435\u0442 \u0441\u0438\u043b\u0443 \u0438 \u0443\u0432\u0435\u0440\u0435\u043d\u043d\u043e\u0441\u0442\u044c \u0432 \u0441\u0435\u0431\u0435.<\/p>\n<ul>\n<li><strong>Happy<\/strong> \u2022\u0422\u0438\u043f: \u0421\u0432\u0435\u0436\u0438\u0439, \u0441\u043b\u0430\u0434\u043a\u0438\u0439 \u2022 \u0421\u0442\u0438\u043b\u044c: \u0441\u0447\u0430\u0441\u0442\u043b\u0438\u0432\u044b\u0439 \u2022 \u041c\u0430\u0441\u043b\u043e \u043b\u0438\u043c\u043e\u043d\u0430, \u043b\u0430\u043d\u0434\u044b\u0448. \u0411\u043e\u0434\u0440\u044f\u0449\u0438\u0439 \u0430\u0440\u043e\u043c\u0430\u0442, \u043a\u043e\u0442\u043e\u0440\u044b\u0439 \u043f\u0440\u0438\u043d\u043e\u0441\u0438\u0442 \u0431\u043b\u0430\u0436\u0435\u043d\u0441\u0442\u0432\u043e \u0438 \u0447\u0443\u0432\u0441\u0442\u0432\u043e \u0443\u0434\u043e\u0432\u043b\u0435\u0442\u0432\u043e\u0440\u0435\u043d\u0438\u044f.<\/li>\n<li><strong>Invigorating<\/strong> \u2022\u0422\u0438\u043f: \u0421\u0432\u0435\u0436\u0438\u0439 \u2022 \u0421\u0442\u0438\u043b\u044c: \u0411\u043e\u0434\u0440\u044f\u0449\u0438\u0439 \u2022 \u041c\u0430\u0441\u043b\u043e \u0430\u043f\u0435\u043b\u044c\u0441\u0438\u043d\u0430, \u044d\u0432\u043a\u0430\u043b\u0438\u043f\u0442\u0430. \u0412\u043e\u0441\u0441\u0442\u0430\u043d\u0430\u0432\u043b\u0438\u0432\u0430\u0435\u0442 \u044d\u043d\u0435\u0440\u0433\u0438\u044e \u0438 \u043c\u043e\u0442\u0438\u0432\u0438\u0440\u0443\u0435\u0442.<\/li>\n<li><strong>Relaxing<\/strong> \u2022\u0422\u0438\u043f: \u0421\u043b\u0430\u0434\u043a\u0438\u0439 \u2022 \u0421\u0442\u0438\u043b\u044c: \u0420\u0430\u0441\u0441\u043b\u0430\u0431\u043b\u044f\u044e\u0449\u0438\u0439 \u2022 \u041c\u0430\u0441\u043b\u043e \u043b\u0430\u0432\u0430\u043d\u0434\u044b, \u0432\u0430\u043d\u0438\u043b\u044c \u2022 \u0423\u0441\u043f\u043e\u043a\u0430\u0438\u0432\u0430\u0435\u0442 \u0442\u0435\u043b\u043e \u0438 \u043f\u0440\u0438\u043d\u043e\u0441\u0438\u0442 \u0441\u043f\u043e\u043a\u043e\u0439\u0441\u0442\u0432\u0438\u0435 \u0438 \u0431\u0435\u0437\u043c\u044f\u0442\u0435\u0436\u043d\u043e\u0441\u0442\u044c.<\/li>\n<\/ul>\n<p><strong>NB! \u041f\u0440\u0438 \u043f\u043e\u043a\u0443\u043f\u043a\u0435 \u043a\u043e\u0441\u043c\u0435\u0442\u0438\u043a\u0438 \u0432\u044b\u0431\u0435\u0440\u0438\u0442\u0435 \u043f\u043e\u0436\u0430\u043b\u0443\u0439\u0441\u0442\u0430 Smartpost \u0434\u043e\u0441\u0442\u0430\u0432\u043a\u0443!<\/strong><\/p>\n<p><span style=\"font-weight: 400;\">\ud83c\uddfa\ud83c\uddf8 Victoria\u2019s Secret PINK Moodscentz\u2122 Mist (250ml) <\/span>This collection of mists are with essential oils to evoke positive moods, give you good energy and confidence.<\/p>\n<ul>\n<li><strong>Happy<\/strong> \u2022Type: Fresh, sweet \u2022Style: Happy \u2022 Lemon Oil, Lily of the Valley. An uplifting scent that brings bliss and feelings of contentment.<\/li>\n<li><strong>Invigorating<\/strong> \u2022Type: Fresh \u2022 Style: Invigorate \u2022 Orange Oil, Eucalyptus. A refreshing mist that restores energy and inspires motivation.<\/li>\n<li><strong>Relaxing<\/strong> \u2022Type: Sweet \u2022 Style: Relaxing \u2022 Lavender Oil, Vanilla Bean \u2022 A soothing scent that calms the body to bring tranquility and serenity.<\/li>\n<\/ul>\n<p><strong>NB! When buying cosmetics, please choose a Smartpost delivery.<\/strong><\/p>\n","protected":false},"featured_media":8725,"template":"","meta":{"jetpack_publicize_message":"","jetpack_publicize_feature_enabled":true,"jetpack_social_post_already_shared":false,"jetpack_social_options":{"image_generator_settings":{"template":"highway","default_image_id":0,"font":"","enabled":false},"version":2}},"product_brand":[],"product_cat":[341],"product_tag":[],"class_list":{"0":"post-8713","1":"product","2":"type-product","3":"status-publish","4":"has-post-thumbnail","6":"product_cat-victorias-secret","7":"pa_lohn-happy","8":"pa_lohn-invigorating","9":"pa_lohn-relaxing","11":"first","12":"outofstock","13":"sale","14":"shipping-taxable","15":"product-type-variable"},"jetpack_publicize_connections":[],"jetpack_sharing_enabled":true,"jetpack_likes_enabled":true,"_links":{"self":[{"href":"https:\/\/superstore.ee\/index.php\/wp-json\/wp\/v2\/product\/8713","targetHints":{"allow":["GET"]}}],"collection":[{"href":"https:\/\/superstore.ee\/index.php\/wp-json\/wp\/v2\/product"}],"about":[{"href":"https:\/\/superstore.ee\/index.php\/wp-json\/wp\/v2\/types\/product"}],"wp:featuredmedia":[{"embeddable":true,"href":"https:\/\/superstore.ee\/index.php\/wp-json\/wp\/v2\/media\/8725"}],"wp:attachment":[{"href":"https:\/\/superstore.ee\/index.php\/wp-json\/wp\/v2\/media?parent=8713"}],"wp:term":[{"taxonomy":"product_brand","embeddable":true,"href":"https:\/\/superstore.ee\/index.php\/wp-json\/wp\/v2\/product_brand?post=8713"},{"taxonomy":"product_cat","embeddable":true,"href":"https:\/\/superstore.ee\/index.php\/wp-json\/wp\/v2\/product_cat?post=8713"},{"taxonomy":"product_tag","embeddable":true,"href":"https:\/\/superstore.ee\/index.php\/wp-json\/wp\/v2\/product_tag?post=8713"}],"curies":[{"name":"wp","href":"https:\/\/api.w.org\/{rel}","templated":true}]}}