{"id":8899,"date":"2023-03-19T23:01:43","date_gmt":"2023-03-19T21:01:43","guid":{"rendered":"https:\/\/superstore.ee\/?post_type=product&#038;p=8899"},"modified":"2023-04-15T23:03:17","modified_gmt":"2023-04-15T21:03:17","slug":"victorias-secret-pink-kookose-virsiku-sara-andev-kehaoli-236ml-top","status":"publish","type":"product","link":"https:\/\/superstore.ee\/index.php\/toode\/victorias-secret-pink-kookose-virsiku-sara-andev-kehaoli-236ml-top\/","title":{"rendered":"Victoria\u2019s Secret PINK Kookose Virsiku s\u00e4ra andev keha\u00f5li (236ml) TOP!"},"content":{"rendered":"","protected":false},"excerpt":{"rendered":"<p><span style=\"font-weight: 400;\">\ud83c\uddea\ud83c\uddea Victoria\u2019s Secret PINK Kookose Virsiku s\u00e4ra andev keha\u00f5li (236ml) TOP!<\/span><\/p>\n<p>Keha\u00f5li on kerge ja siidise koostisega. Annab \u00f5rna jume, pronksja s\u00e4ra ning uskumatult meeldiva virsiku l\u00f5hna! Sisaldab C-vitamiini, kookos\u00f5li ja virsikuekstrakti.<\/p>\n<p>T\u00fc\u00fcp: puuviljane-magus \u2022 Virsikunektar \u2022 Valge freesia \u2022 Kookoshelbed \u2022 Eeterlike \u00f5lidega<\/p>\n<p>Kombineeri sobiva virsiku kehaspreiga Coco Peach Fragrance Mist.<\/p>\n<p><strong>NB! Kosmeetika ostmisel palun valige tarneviisiks Smartpost!<\/strong><\/p>\n<p><span style=\"font-weight: 400;\">\ud83c\uddf7\ud83c\uddfa Victoria\u2019s Secret PINK \u043a\u043e\u043a\u043e\u0441\u043e\u0432\u043e-\u043f\u0435\u0440\u0441\u0438\u043a\u043e\u0432\u043e\u0435\u00a0 \u043c\u0430\u0441\u043b\u043e \u0434\u043b\u044f \u0442\u0435\u043b\u0430 \u0441 \u0431\u0440\u043e\u043d\u0437\u0430\u0442\u043e\u0440\u043e\u043c (236 ml)<\/span><\/p>\n<p>\u041c\u0430\u0441\u043b\u043e \u0434\u043b\u044f \u0442\u0435\u043b\u0430 \u0438\u043c\u0435\u0435\u0442 \u043b\u0435\u0433\u043a\u0443\u044e \u0438 \u0448\u0435\u043b\u043a\u043e\u0432\u0438\u0441\u0442\u0443\u044e \u0442\u0435\u043a\u0441\u0442\u0443\u0440\u0443. \u041f\u0440\u0438\u0434\u0430\u0435\u0442 \u043d\u0435\u0436\u043d\u044b\u0439 \u0446\u0432\u0435\u0442, \u0431\u0440\u043e\u043d\u0437\u043e\u0432\u043e\u0435 \u0441\u0438\u044f\u043d\u0438\u0435 \u0438 \u043d\u0435\u0432\u0435\u0440\u043e\u044f\u0442\u043d\u043e \u043f\u0440\u0438\u044f\u0442\u043d\u044b\u0439 \u0430\u0440\u043e\u043c\u0430\u0442 \u043f\u0435\u0440\u0441\u0438\u043a\u0430! \u0421\u043e\u0434\u0435\u0440\u0436\u0438\u0442 \u0432\u0438\u0442\u0430\u043c\u0438\u043d \u0421, \u043a\u043e\u043a\u043e\u0441\u043e\u0432\u043e\u0435 \u043c\u0430\u0441\u043b\u043e \u0438 \u044d\u043a\u0441\u0442\u0440\u0430\u043a\u0442 \u043f\u0435\u0440\u0441\u0438\u043a\u0430.<\/p>\n<p>\u0422\u0438\u043f: \u0444\u0440\u0443\u043a\u0442\u043e\u0432\u043e-\u0441\u043b\u0430\u0434\u043a\u0438\u0439 \u0430\u0440\u043e\u043c\u0430\u0442 \u2022 \u041f\u0435\u0440\u0441\u0438\u043a\u043e\u0432\u044b\u0439 \u043d\u0435\u043a\u0442\u0430\u0440 \u2022 \u0411\u0435\u043b\u0430\u044f \u0444\u0440\u0435\u0437\u0438\u044f \u2022 \u043a\u043e\u043a\u043e\u0441\u043e\u0432\u043e\u0439 \u0441\u0442\u0440\u0443\u0436\u043a\u0430 \u2022 \u0421 \u044d\u0444\u0438\u0440\u043d\u044b\u043c\u0438 \u043c\u0430\u0441\u043b\u0430\u043c\u0438<\/p>\n<p>\u0421\u043e\u0447\u0435\u0442\u0430\u0439\u0442\u0435 \u0441 \u043f\u043e\u0434\u0445\u043e\u0434\u044f\u0449\u0438\u043c \u043f\u043e\u0434\u0445\u043e\u0434\u044f\u0449\u0438\u043c \u0441\u043f\u0440\u0435\u0435\u043c \u0434\u043b\u044f \u0442\u0435\u043b\u0430 Coco Peach Fragrance Mist.<\/p>\n<p><strong>NB! \u041f\u0440\u0438 \u043f\u043e\u043a\u0443\u043f\u043a\u0435 \u043a\u043e\u0441\u043c\u0435\u0442\u0438\u043a\u0438 \u0432\u044b\u0431\u0435\u0440\u0438\u0442\u0435 \u043f\u043e\u0436\u0430\u043b\u0443\u0439\u0441\u0442\u0430 Smartpost \u0434\u043e\u0441\u0442\u0430\u0432\u043a\u0443!<\/strong><\/p>\n<p><span style=\"font-weight: 400;\">\ud83c\uddfa\ud83c\uddf8 Victoria\u2019s Secret PINK Coco Peach Radiant Body Glow Oil (236ml)<\/span><\/p>\n<p>The body oil has a light and silky texture. Gives a delicate complexion, a bronze glow and an incredibly pleasant peach scent! Contains vitamin C, coconut oil and peach extract.<\/p>\n<p>Type: fruity-sweet \u2022 Peach nectar \u2022 White freesia \u2022 \u0421oconut flakes \u2022 With essential oils<\/p>\n<p>To maximize the scent, pair with matching Coco Peach Fragrance Mist.<\/p>\n<p><strong>NB! When buying cosmetics, please choose a Smartpost delivery!<\/strong><\/p>\n","protected":false},"featured_media":8908,"template":"","meta":{"jetpack_publicize_message":"","jetpack_publicize_feature_enabled":true,"jetpack_social_post_already_shared":false,"jetpack_social_options":{"image_generator_settings":{"template":"highway","default_image_id":0,"font":"","enabled":false},"version":2}},"product_brand":[],"product_cat":[341],"product_tag":[],"class_list":{"0":"post-8899","1":"product","2":"type-product","3":"status-publish","4":"has-post-thumbnail","6":"product_cat-victorias-secret","7":"pa_lohn-honey","8":"pa_lohn-honey-ginger","10":"first","11":"outofstock","12":"sale","13":"shipping-taxable","14":"purchasable","15":"product-type-simple"},"jetpack_publicize_connections":[],"jetpack_sharing_enabled":true,"jetpack_likes_enabled":true,"_links":{"self":[{"href":"https:\/\/superstore.ee\/index.php\/wp-json\/wp\/v2\/product\/8899","targetHints":{"allow":["GET"]}}],"collection":[{"href":"https:\/\/superstore.ee\/index.php\/wp-json\/wp\/v2\/product"}],"about":[{"href":"https:\/\/superstore.ee\/index.php\/wp-json\/wp\/v2\/types\/product"}],"wp:featuredmedia":[{"embeddable":true,"href":"https:\/\/superstore.ee\/index.php\/wp-json\/wp\/v2\/media\/8908"}],"wp:attachment":[{"href":"https:\/\/superstore.ee\/index.php\/wp-json\/wp\/v2\/media?parent=8899"}],"wp:term":[{"taxonomy":"product_brand","embeddable":true,"href":"https:\/\/superstore.ee\/index.php\/wp-json\/wp\/v2\/product_brand?post=8899"},{"taxonomy":"product_cat","embeddable":true,"href":"https:\/\/superstore.ee\/index.php\/wp-json\/wp\/v2\/product_cat?post=8899"},{"taxonomy":"product_tag","embeddable":true,"href":"https:\/\/superstore.ee\/index.php\/wp-json\/wp\/v2\/product_tag?post=8899"}],"curies":[{"name":"wp","href":"https:\/\/api.w.org\/{rel}","templated":true}]}}