{"id":9571,"date":"2023-04-12T16:56:04","date_gmt":"2023-04-12T14:56:04","guid":{"rendered":"https:\/\/superstore.ee\/?post_type=product&#038;p=9571"},"modified":"2024-08-13T09:01:31","modified_gmt":"2024-08-13T07:01:31","slug":"kiko-milano-blue-me-solid-face-cleanser-scrub-duo","status":"publish","type":"product","link":"https:\/\/superstore.ee\/index.php\/toode\/kiko-milano-blue-me-solid-face-cleanser-scrub-duo\/","title":{"rendered":"N\u00e4okomplekt KIKO Milano Blue Me Solid Face Cleanser &amp; Scrub Duo"},"content":{"rendered":"","protected":false},"excerpt":{"rendered":"<p>\ud83c\uddea\ud83c\uddea KIKO Milano n\u00e4okomplekt. Tahke puhastusvahend (2tk) ja n\u00e4okoorija (1tk).<\/p>\n<ol>\n<li><em><strong>Sinised t\u00e4hed<\/strong><\/em> puhastavad ja rikastavad n\u00e4onahka, sisaldavad mustika\u00f5li. J\u00e4tab naha puhtaks ja pehmeks.<\/li>\n<li><em><strong>Roheline<\/strong><\/em>\u00a0t\u00e4ht on n\u00e4okoorija, mis koorib \u00f5rnalt nahka, sisaldab looduslikke bambusosakesi.<\/li>\n<\/ol>\n<p>\ud83c\uddf7\ud83c\uddfa \u041a\u043e\u043c\u043f\u043b\u0435\u043a\u0442 \u0434\u043b\u044f \u043b\u0438\u0446\u0430 KIKO Milano. \u0422\u0432\u0435\u0440\u0434\u043e\u0435 \u043e\u0447\u0438\u0449\u0430\u044e\u0449\u0435\u0435 \u0441\u0440\u0435\u0434\u0441\u0442\u0432\u043e (2\u0448\u0442) \u0438 \u0441\u043a\u0440\u0430\u0431 \u0434\u043b\u044f \u043b\u0438\u0446\u0430 (1\u0448\u0442).<\/p>\n<ol>\n<li><em><strong>\u0413\u043e\u043b\u0443\u0431\u044b\u0435 \u0437\u0432\u0435\u0437\u0434\u043e\u0447\u043a\u0438<\/strong><\/em> \u043e\u0447\u0438\u0449\u0430\u044e\u0442 \u0438 \u043e\u0431\u043e\u0433\u0430\u0449\u0430\u044e\u0442 \u043a\u043e\u0436\u0443 \u043b\u0438\u0446\u0430, \u0441\u043e\u0434\u0435\u0440\u0436\u0430\u0442 \u043c\u0430\u0441\u043b\u043e \u0447\u0435\u0440\u043d\u0438\u043a\u0438. \u041e\u0441\u0442\u0430\u0432\u043b\u044f\u044e\u0442 \u043a\u043e\u0436\u0443 \u0447\u0438\u0441\u0442\u043e\u0439 \u0438 \u043c\u044f\u0433\u043a\u043e\u0439.<\/li>\n<li><em><strong>\u0417\u0435\u043b\u0435\u043d\u0430\u044f \u0437\u0432\u0435\u0437\u0434\u043e\u0447\u043a\u0430<\/strong><\/em> \u044d\u0442\u043e \u0441\u043a\u0440\u0430\u0431 \u0434\u043b\u044f \u043b\u0438\u0446\u0430, \u043c\u044f\u0433\u043a\u043e \u043e\u0442\u0448\u0435\u043b\u0443\u0448\u0438\u0432\u0430\u0435\u0442 \u043a\u043e\u0436\u0443, \u0441\u043e\u0434\u0435\u0440\u0436\u0438\u0442 \u043d\u0430\u0442\u0443\u0440\u0430\u043b\u044c\u043d\u044b\u0435 \u0447\u0430\u0441\u0442\u0438\u0446\u044b \u0431\u0430\u043c\u0431\u0443\u043a\u0430.<\/li>\n<\/ol>\n<p>\ud83c\uddfa\ud83c\uddf8 KIKO Milano Blue Me Solid Face Cleanser &amp; Scrub Duo.\u00a0 Solid face cleanser &amp; scrub duo.<\/p>\n<ol>\n<li>The <em><strong>Blue Stars<\/strong> <\/em>are cleansing and enriched with recovered blueberry oil. They leave the skin clean and soft.<\/li>\n<li>The<em> <strong>Green Star<\/strong><\/em> is a scrub and contains natural bamboo particles that gently exfoliate the skin.<\/li>\n<\/ol>\n","protected":false},"featured_media":9613,"template":"","meta":{"jetpack_publicize_message":"","jetpack_publicize_feature_enabled":true,"jetpack_social_post_already_shared":false,"jetpack_social_options":{"image_generator_settings":{"template":"highway","default_image_id":0,"font":"","enabled":false},"version":2}},"product_brand":[],"product_cat":[340,631],"product_tag":[],"class_list":{"0":"post-9571","1":"product","2":"type-product","3":"status-publish","4":"has-post-thumbnail","6":"product_cat-kiko-milano","7":"product_cat-sale","9":"first","10":"outofstock","11":"sale","12":"shipping-taxable","13":"purchasable","14":"product-type-simple"},"jetpack_publicize_connections":[],"jetpack_sharing_enabled":true,"jetpack_likes_enabled":true,"_links":{"self":[{"href":"https:\/\/superstore.ee\/index.php\/wp-json\/wp\/v2\/product\/9571","targetHints":{"allow":["GET"]}}],"collection":[{"href":"https:\/\/superstore.ee\/index.php\/wp-json\/wp\/v2\/product"}],"about":[{"href":"https:\/\/superstore.ee\/index.php\/wp-json\/wp\/v2\/types\/product"}],"wp:featuredmedia":[{"embeddable":true,"href":"https:\/\/superstore.ee\/index.php\/wp-json\/wp\/v2\/media\/9613"}],"wp:attachment":[{"href":"https:\/\/superstore.ee\/index.php\/wp-json\/wp\/v2\/media?parent=9571"}],"wp:term":[{"taxonomy":"product_brand","embeddable":true,"href":"https:\/\/superstore.ee\/index.php\/wp-json\/wp\/v2\/product_brand?post=9571"},{"taxonomy":"product_cat","embeddable":true,"href":"https:\/\/superstore.ee\/index.php\/wp-json\/wp\/v2\/product_cat?post=9571"},{"taxonomy":"product_tag","embeddable":true,"href":"https:\/\/superstore.ee\/index.php\/wp-json\/wp\/v2\/product_tag?post=9571"}],"curies":[{"name":"wp","href":"https:\/\/api.w.org\/{rel}","templated":true}]}}