{"id":9700,"date":"2023-04-13T14:35:24","date_gmt":"2023-04-13T12:35:24","guid":{"rendered":"https:\/\/superstore.ee\/?post_type=product&#038;p=9700"},"modified":"2024-02-16T14:13:10","modified_gmt":"2024-02-16T12:13:10","slug":"kiko-milano-nourishing-face-mask","status":"publish","type":"product","link":"https:\/\/superstore.ee\/index.php\/toode\/kiko-milano-nourishing-face-mask\/","title":{"rendered":"Niisutav kuldne h\u00fcdrogeeli n\u00e4omask KIKO Milano mee ekstraktiga"},"content":{"rendered":"","protected":false},"excerpt":{"rendered":"<p>\ud83c\uddea\ud83c\uddea Toitev kuldne h\u00fcdrogeeli n\u00e4omask KIKO Milano mee ekstraktiga<\/p>\n<ul>\n<li>Toidab nahka, muudab naha pehmeks ja s\u00e4ravaks<\/li>\n<li>H\u00fcdrogeelmask kleepub ideaalselt n\u00e4ole ja libiseb sujuvalt \u00fcle naha<\/li>\n<li>Kerge geeljas tekstuur, j\u00e4rgib n\u00e4o kontuure.<\/li>\n<li>Intensiivsema jahutava efekti saavutamiseks hoia maski k\u00fclmkapis.<\/li>\n<\/ul>\n<p>\ud83c\uddf7\ud83c\uddfa\u041f\u0438\u0442\u0430\u0442\u0435\u043b\u044c\u043d\u0430\u044f\u00a0 \u0437\u043e\u043b\u043e\u0442\u0430\u044f \u0433\u0438\u0434\u0440\u043e\u0433\u0435\u043b\u0435\u0432\u0430\u044f \u043c\u0430\u0441\u043a\u0430 \u0434\u043b\u044f \u043b\u0438\u0446\u0430 KIKO Milano \u0441 \u044d\u043a\u0441\u0442\u0440\u0430\u043a\u0442\u043e\u043c \u043c\u0435\u0434\u0430<\/p>\n<ul>\n<li>\u041f\u0438\u0442\u0430\u0435\u0442 \u043a\u043e\u0436\u0443, \u0434\u0435\u043b\u0430\u0435\u0442 \u043a\u043e\u0436\u0443 \u043c\u044f\u0433\u043a\u043e\u0439 \u0438 \u0441\u0438\u044f\u044e\u0449\u0435\u0439<\/li>\n<li>\u0413\u0438\u0434\u0440\u043e\u0433\u0435\u043b\u0435\u0432\u0430\u044f \u043c\u0430\u0441\u043a\u0430 \u0438\u0434\u0435\u0430\u043b\u044c\u043d\u043e \u043f\u0440\u0438\u043b\u0435\u0433\u0430\u0435\u0442 \u043a \u043b\u0438\u0446\u0443 \u0438 \u043f\u043b\u0430\u0432\u043d\u043e \u0441\u043a\u043e\u043b\u044c\u0437\u0438\u0442 \u043f\u043e \u043a\u043e\u0436\u0435<\/li>\n<li>\u0418\u043c\u0435\u0435\u0442 \u043b\u0435\u0433\u043a\u0443\u044e \u0433\u0435\u043b\u0435\u0432\u0443\u044e \u0442\u0435\u043a\u0441\u0442\u0443\u0440\u0443, \u043b\u0435\u0433\u043a\u043e \u043d\u0430\u043d\u043e\u0441\u0438\u0442\u0441\u044f, \u043f\u043e\u0432\u0442\u043e\u0440\u044f\u0435\u0442 \u043a\u043e\u043d\u0442\u0443\u0440\u044b \u043b\u0438\u0446\u0430.<\/li>\n<li>\u0414\u043b\u044f \u0431\u043e\u043b\u0435\u0435 \u0438\u043d\u0442\u0435\u043d\u0441\u0438\u0432\u043d\u043e\u0433\u043e \u043e\u0445\u043b\u0430\u0436\u0434\u0430\u044e\u0449\u0435\u0433\u043e \u044d\u0444\u0444\u0435\u043a\u0442\u0430 \u0445\u0440\u0430\u043d\u0438\u0442\u0435 \u043c\u0430\u0441\u043a\u0443 \u0432 \u0445\u043e\u043b\u043e\u0434\u0438\u043b\u044c\u043d\u0438\u043a\u0435.<\/li>\n<\/ul>\n<p>\ud83c\uddfa\ud83c\uddf8 KIKO Milano KIKO Milano Nourishing Face Mask. Moisturising hydrogel face mask with honey extract.<\/p>\n<ul>\n<li>The hydrogel mask adheres perfectly to the face and glides smoothly onto the skin for an instant feeling of well-being;<\/li>\n<li>It has a fresh, light gel texture, easy to apply thanks to its size which moulds to the contours of the face.<\/li>\n<li>For a more intense cooling effect, keep the mask in the refrigerator.<\/li>\n<\/ul>\n","protected":false},"featured_media":9873,"template":"","meta":{"jetpack_publicize_message":"","jetpack_publicize_feature_enabled":true,"jetpack_social_post_already_shared":false,"jetpack_social_options":{"image_generator_settings":{"template":"highway","default_image_id":0,"font":"","enabled":false},"version":2}},"product_brand":[],"product_cat":[340],"product_tag":[],"class_list":{"0":"post-9700","1":"product","2":"type-product","3":"status-publish","4":"has-post-thumbnail","6":"product_cat-kiko-milano","8":"first","9":"outofstock","10":"shipping-taxable","11":"purchasable","12":"product-type-simple"},"jetpack_publicize_connections":[],"jetpack_sharing_enabled":true,"jetpack_likes_enabled":true,"_links":{"self":[{"href":"https:\/\/superstore.ee\/index.php\/wp-json\/wp\/v2\/product\/9700","targetHints":{"allow":["GET"]}}],"collection":[{"href":"https:\/\/superstore.ee\/index.php\/wp-json\/wp\/v2\/product"}],"about":[{"href":"https:\/\/superstore.ee\/index.php\/wp-json\/wp\/v2\/types\/product"}],"wp:featuredmedia":[{"embeddable":true,"href":"https:\/\/superstore.ee\/index.php\/wp-json\/wp\/v2\/media\/9873"}],"wp:attachment":[{"href":"https:\/\/superstore.ee\/index.php\/wp-json\/wp\/v2\/media?parent=9700"}],"wp:term":[{"taxonomy":"product_brand","embeddable":true,"href":"https:\/\/superstore.ee\/index.php\/wp-json\/wp\/v2\/product_brand?post=9700"},{"taxonomy":"product_cat","embeddable":true,"href":"https:\/\/superstore.ee\/index.php\/wp-json\/wp\/v2\/product_cat?post=9700"},{"taxonomy":"product_tag","embeddable":true,"href":"https:\/\/superstore.ee\/index.php\/wp-json\/wp\/v2\/product_tag?post=9700"}],"curies":[{"name":"wp","href":"https:\/\/api.w.org\/{rel}","templated":true}]}}